{"id":536,"date":"2016-10-11T17:45:07","date_gmt":"2016-10-11T17:45:07","guid":{"rendered":"http:\/\/anuies-tic.anuies.mx\/web\/encuentro2016\/?page_id=536"},"modified":"2016-10-31T19:52:16","modified_gmt":"2016-10-31T19:52:16","slug":"talleristas","status":"publish","type":"page","link":"https:\/\/anuies-tic.anuies.mx\/web\/encuentro2016\/talleristas\/","title":{"rendered":"Instructores"},"content":{"rendered":"<div id=\"pl-536\"  class=\"panel-layout\" ><div id=\"pg-536-0\"  class=\"panel-grid panel-no-style\" ><div id=\"pgc-536-0-0\"  class=\"panel-grid-cell\" ><div id=\"panel-536-0-0-0\" class=\"so-panel widget widget_sow-image panel-first-child\" data-index=\"0\" ><div\n\t\t\t\n\t\t\tclass=\"so-widget-sow-image so-widget-sow-image-default-c67d20f9f743-536\"\n\t\t\t\n\t\t>\n<div class=\"sow-image-container\">\n\t\t<img \n\tsrc=\"https:\/\/anuies-tic.anuies.mx\/web\/encuentro2016\/wp-content\/uploads\/sites\/9\/2016\/10\/Tirso-Oropeza_circulo.png\" width=\"201\" height=\"199\" srcset=\"https:\/\/anuies-tic.anuies.mx\/web\/encuentro2016\/wp-content\/uploads\/sites\/9\/2016\/10\/Tirso-Oropeza_circulo.png 201w, https:\/\/anuies-tic.anuies.mx\/web\/encuentro2016\/wp-content\/uploads\/sites\/9\/2016\/10\/Tirso-Oropeza_circulo-150x150.png 150w\" sizes=\"(max-width: 201px) 100vw, 201px\" title=\"tirso-oropeza_circulo\" alt=\"\" \t\tclass=\"so-widget-image\"\/>\n\t<\/div>\n\n<\/div><\/div><div id=\"panel-536-0-0-1\" class=\"so-panel widget widget_sow-editor\" data-index=\"1\" ><div\n\t\t\t\n\t\t\tclass=\"so-widget-sow-editor so-widget-sow-editor-base\"\n\t\t\t\n\t\t>\n<div class=\"siteorigin-widget-tinymce textwidget\">\n\t<p style=\"text-align: center;\"><strong>Lic. Tirso Alejandro Oropeza Beivide<\/strong><\/p>\n<p style=\"text-align: center;\">\"Escenarios en las adquisiciones de TIC en las IES\"<\/p>\n<\/div>\n<\/div><\/div><div id=\"panel-536-0-0-2\" class=\"so-panel widget widget_sow-editor panel-last-child\" data-index=\"2\" ><div\n\t\t\t\n\t\t\tclass=\"so-widget-sow-editor so-widget-sow-editor-base\"\n\t\t\t\n\t\t>\n<div class=\"siteorigin-widget-tinymce textwidget\">\n\t<p style=\"text-align: justify;\">Licenciado en Econom\u00eda e Ingeniero en Sistemas por el Instituto Tecnol\u00f3gico Aut\u00f3nomo de M\u00e9xico, cuenta con diplomados en \u201cDerecho Econ\u00f3mico Corporativo\u201d, \u201cDirecci\u00f3n de negocios\u201d, \u201cFinanzas\u201d y \u201cMercadotecnia\u201d por la Universidad Panamericana y el Instituto de Especializaci\u00f3n para Ejecutivos, A.C., Maestr\u00eda en Calidad y Direcci\u00f3n de Negocio por la UCLA.<\/p>\n<p style=\"text-align: justify;\">Conferencista y Catedr\u00e1tico Nacional e Internacional Especializado en la Normatividad de la Administraci\u00f3n P\u00fablica. Es Capacitador por la CNBV, as\u00ed mismo cuenta con amplia experiencia en las \u00e1reas de Adquisiciones, Auditoria y Responsabilidades del Servicio P\u00fabico y en general toda su normatividad. Ha impartido m\u00e1s de 19000 horas de capacitaci\u00f3n y consultor\u00eda en lugares como El Salvador, Nicaragua, Honduras, Guatemala, Costa Rica, Colombia, Argentina, Jap\u00f3n, Etc.<\/p>\n<p style=\"text-align: justify;\">Autor de ensayos en materia Financiera, Jur\u00eddica y de Administraci\u00f3n P\u00fablica, Colaborador en revistas especializadas como Admin\u00edstrate Hoy, Entrepeneur, Bit\u00e1cora, Pol\u00edtica Digital entre otras y algunos peri\u00f3dicos en materia Econ\u00f3mica y de Contabilidad Gubernamental.<\/p>\n<p style=\"text-align: justify;\">Actualmente es Secretario General del Cap\u00edtulo M\u00e9xico de la Fundaci\u00f3n Internacional para el Desarrollo de Gobiernos Confiables; Miembro del Consejo Ciudadano de Desarrollo Institucional y Vigilancia del Comit\u00e9 de Inform\u00e1tica para la Administraci\u00f3n P\u00fablica Estatal y Municipal, Presidente del Instituto TAO para la Administraci\u00f3n P\u00fablica y \u00a0Director General de TAO &amp; Asociados, S.C.<\/p>\n<\/div>\n<\/div><\/div><\/div><div id=\"pgc-536-0-1\"  class=\"panel-grid-cell\" ><div id=\"panel-536-0-1-0\" class=\"so-panel widget widget_sow-image panel-first-child\" data-index=\"3\" ><div\n\t\t\t\n\t\t\tclass=\"so-widget-sow-image so-widget-sow-image-default-c67d20f9f743-536\"\n\t\t\t\n\t\t>\n<div class=\"sow-image-container\">\n\t\t<img \n\tsrc=\"https:\/\/anuies-tic.anuies.mx\/web\/encuentro2016\/wp-content\/uploads\/sites\/9\/2016\/10\/Humberto-Guzm\u00e1n-Manr\u00edquez_circulo.png\" width=\"201\" height=\"199\" srcset=\"https:\/\/anuies-tic.anuies.mx\/web\/encuentro2016\/wp-content\/uploads\/sites\/9\/2016\/10\/Humberto-Guzm\u00e1n-Manr\u00edquez_circulo.png 201w, https:\/\/anuies-tic.anuies.mx\/web\/encuentro2016\/wp-content\/uploads\/sites\/9\/2016\/10\/Humberto-Guzm\u00e1n-Manr\u00edquez_circulo-150x150.png 150w\" sizes=\"(max-width: 201px) 100vw, 201px\" title=\"humberto-guzman-manriquez_circulo\" alt=\"\" \t\tclass=\"so-widget-image\"\/>\n\t<\/div>\n\n<\/div><\/div><div id=\"panel-536-0-1-1\" class=\"so-panel widget widget_sow-editor\" data-index=\"4\" ><div\n\t\t\t\n\t\t\tclass=\"so-widget-sow-editor so-widget-sow-editor-base\"\n\t\t\t\n\t\t>\n<div class=\"siteorigin-widget-tinymce textwidget\">\n\t<p style=\"text-align: center;\"><strong>Lic. Humberto Guzm\u00e1n Manr\u00edquez<\/strong><\/p>\n<p style=\"text-align: center;\">\u201cProcesos Unificados para el gobierno de las TIC\u2019s en la Administraci\u00f3n P\u00fablica Federal\u201d<\/p>\n<\/div>\n<\/div><\/div><div id=\"panel-536-0-1-2\" class=\"so-panel widget widget_sow-editor panel-last-child\" data-index=\"5\" ><div\n\t\t\t\n\t\t\tclass=\"so-widget-sow-editor so-widget-sow-editor-base\"\n\t\t\t\n\t\t>\n<div class=\"siteorigin-widget-tinymce textwidget\">\n\t<p>Director Proyectos Estrat\u00e9gicos. PMI, VALIT, COBIT, Change Management. CMMI, RISKIT, BPM, BABOK, BSC, TOGAF<\/p>\n<p style=\"text-align: justify;\">31 a\u00f1os de experiencia en Organizaciones Financieras y de Consultor\u00eda en Administraci\u00f3n de Proyectos e Ingenier\u00eda de Procesos. Desarrollo de Sistemas para la banca empresarial, dos d\u00e9cadas en mejora de procesos y administraci\u00f3n de proyectos de TI. Creaci\u00f3n de Metodolog\u00edas para TI y de Negocio Financiero.\u00a0<\/p>\n<p style=\"text-align: justify;\">Evaluaci\u00f3n e implementaci\u00f3n de herramientas de Administraci\u00f3n. Experiencia en el manejo de la Gesti\u00f3n del Cambio Organizacional y en la Implementaci\u00f3n de modelos de mejora de procesos. Coordinaci\u00f3n de esfuerzos de proyectos organizacionales relacionadas con auditor\u00edas internas y con institutos normativos; proyectos de administraci\u00f3n de riesgos organizacionales.\u00a0<\/p>\n<p style=\"text-align: justify;\">Desarrollo e implementaci\u00f3n de Oficinas de Proyectos gestionando hasta 400 proyectos activos en paralelo de TI y \u00e1reas de negocio.\u00a0<\/p>\n<p style=\"text-align: justify;\">Gesti\u00f3n de la Calidad en \u00e1reas de desarrollo de sistemas bajo enfoques de F\u00e1brica de Software. Experiencia en la aplicaci\u00f3n de modelos de referencia de mejora de procesos y modelos de calidad: COBIT, VALIT, RISKIT, CMMI, PMBOK, OPM3, Zachman, TOGAF, BABOK, BPM, RUP y BSC. Consulting Manager en iniciativas de mejora de procesos de administraci\u00f3n e implementaci\u00f3n de Oficinas de Proyectos en la Administraci\u00f3n P\u00fablica Federal y la Iniciativa Privada.\u00a0\u00a0<\/p>\n<p style=\"text-align: justify;\">Implementaci\u00f3n del MAAGTIC y MAAGTIC-SI en una decena de unidades de gobierno mexicanas de la Administraci\u00f3n P\u00fablica Federal del sector Salud, Educativo, Energ\u00e9tico Alimentario y Agrario.\u00a0<\/p>\n<p style=\"text-align: justify;\">Capacitador especialista en temas de Gesti\u00f3n de Proyectos y Procesos en M\u00e9xico, Colombia y Per\u00fa.\u00a0<\/p>\n<p style=\"text-align: justify;\">Conferencista en congresos Federales, Estatales y Municipales en TIC y en Universidades mexicanas y de Colombia.<\/p>\n<p style=\"text-align: justify;\">Amante de la Gesti\u00f3n del Cambio Organizacional, el manejo de Liderazgo en autogesti\u00f3n y equipos auto-administrados.<\/p>\n<\/div>\n<\/div><\/div><\/div><div id=\"pgc-536-0-2\"  class=\"panel-grid-cell\" ><div id=\"panel-536-0-2-0\" class=\"so-panel widget widget_sow-image panel-first-child\" data-index=\"6\" ><div\n\t\t\t\n\t\t\tclass=\"so-widget-sow-image so-widget-sow-image-default-c67d20f9f743-536\"\n\t\t\t\n\t\t>\n<div class=\"sow-image-container\">\n\t\t<img \n\tsrc=\"https:\/\/anuies-tic.anuies.mx\/web\/encuentro2016\/wp-content\/uploads\/sites\/9\/2016\/10\/frank_circulo.png\" width=\"201\" height=\"199\" srcset=\"https:\/\/anuies-tic.anuies.mx\/web\/encuentro2016\/wp-content\/uploads\/sites\/9\/2016\/10\/frank_circulo.png 201w, https:\/\/anuies-tic.anuies.mx\/web\/encuentro2016\/wp-content\/uploads\/sites\/9\/2016\/10\/frank_circulo-150x150.png 150w\" sizes=\"(max-width: 201px) 100vw, 201px\" alt=\"\" \t\tclass=\"so-widget-image\"\/>\n\t<\/div>\n\n<\/div><\/div><div id=\"panel-536-0-2-1\" class=\"so-panel widget widget_sow-editor\" data-index=\"7\" ><div\n\t\t\t\n\t\t\tclass=\"so-widget-sow-editor so-widget-sow-editor-base\"\n\t\t\t\n\t\t>\n<div class=\"siteorigin-widget-tinymce textwidget\">\n\t<p style=\"text-align: center;\"><strong>Mtro. V\u00edctor Frank Salcido Velasco<\/strong><\/p>\n<p style=\"text-align: center;\"><span style=\"color: #ffffff;\">fsfsfsdfsdfsdf<\/span>\u201cHacking \u00c9tico\u201d\u00a0\u00a0\u00a0\u00a0\u00a0\u00a0\u00a0\u00a0\u00a0\u00a0\u00a0\u00a0\u00a0\u00a0\u00a0\u00a0\u00a0 \u00a0\u00a0\u00a0\u00a0 \u00a0\u00a0\u00a0\u00a0\u00a0\u00a0\u00a0\u00a0\u00a0\u00a0\u00a0\u00a0 \u00a0\u00a0\u00a0\u00a0\u00a0\u00a0\u00a0\u00a0\u00a0\u00a0\u00a0\u00a0\u00a0\u00a0\u00a0\u00a0\u00a0\u00a0\u00a0\u00a0\u00a0\u00a0\u00a0\u00a0\u00a0\u00a0<\/p>\n<\/div>\n<\/div><\/div><div id=\"panel-536-0-2-2\" class=\"so-panel widget widget_sow-editor panel-last-child\" data-index=\"8\" ><div\n\t\t\t\n\t\t\tclass=\"so-widget-sow-editor so-widget-sow-editor-base\"\n\t\t\t\n\t\t>\n<div class=\"siteorigin-widget-tinymce textwidget\">\n\t<p>Actualmente es Consultor en CyberSecurity,<\/p>\n<p>Especialista en Seguridad Inform\u00e1tica.<\/p>\n<p>Tiene experiencia como:<\/p>\n<ul>\n<li>Consultor de An\u00e1lisis de Vulnerabilidades y Pruebas de Penetraci\u00f3n: ALUXIT<\/li>\n<li>Ing. de Seguridad Inform\u00e1tica: BUILDBINDER<\/li>\n<li>Investigador Cibern\u00e9tico: Unidad de Delitos Inform\u00e1ticos - Fiscal\u00eda General del Estado de Chihuahua<\/li>\n<li>Programaci\u00f3n: Exosfera<\/li>\n<\/ul>\n<p>Colabora con:<\/p>\n<p>OWASP<\/p>\n<p>AnimaNaturalis.org<\/p>\n<p>Ehacking (Ethical Hacking)<\/p>\n<\/div>\n<\/div><\/div><\/div><\/div><div id=\"pg-536-1\"  class=\"panel-grid panel-no-style\" ><div id=\"pgc-536-1-0\"  class=\"panel-grid-cell\" ><div id=\"panel-536-1-0-0\" class=\"so-panel widget widget_sow-image panel-first-child\" data-index=\"9\" ><div\n\t\t\t\n\t\t\tclass=\"so-widget-sow-image so-widget-sow-image-default-c67d20f9f743-536\"\n\t\t\t\n\t\t>\n<div class=\"sow-image-container\">\n\t\t<img \n\tsrc=\"https:\/\/anuies-tic.anuies.mx\/web\/encuentro2016\/wp-content\/uploads\/sites\/9\/2016\/10\/memo_nar_circulo.png\" width=\"201\" height=\"199\" srcset=\"https:\/\/anuies-tic.anuies.mx\/web\/encuentro2016\/wp-content\/uploads\/sites\/9\/2016\/10\/memo_nar_circulo.png 201w, https:\/\/anuies-tic.anuies.mx\/web\/encuentro2016\/wp-content\/uploads\/sites\/9\/2016\/10\/memo_nar_circulo-150x150.png 150w\" sizes=\"(max-width: 201px) 100vw, 201px\" alt=\"\" \t\tclass=\"so-widget-image\"\/>\n\t<\/div>\n\n<\/div><\/div><div id=\"panel-536-1-0-1\" class=\"so-panel widget widget_sow-editor\" data-index=\"10\" ><div\n\t\t\t\n\t\t\tclass=\"so-widget-sow-editor so-widget-sow-editor-base\"\n\t\t\t\n\t\t>\n<div class=\"siteorigin-widget-tinymce textwidget\">\n\t<p style=\"text-align: center;\"><strong>Dr. Guillermo Jorge Nava Ortega<\/strong><\/p>\n<p style=\"text-align: center;\">\u201cInducci\u00f3n a Lean IT Foundation<br \/>\npara las IES\u201d<\/p>\n<\/div>\n<\/div><\/div><div id=\"panel-536-1-0-2\" class=\"so-panel widget widget_sow-editor panel-last-child\" data-index=\"11\" ><div\n\t\t\t\n\t\t\tclass=\"so-widget-sow-editor so-widget-sow-editor-base\"\n\t\t\t\n\t\t>\n<div class=\"siteorigin-widget-tinymce textwidget\">\n\t<p style=\"text-align: justify;\">Guillermo es Ingeniero Industrial por la UAM, con Maestr\u00eda en Administraci\u00f3n por el ITESM, cuenta con el grado de Black Belt en Seis Sigma por el ITESM y actualmente es Doctorando en Educaci\u00f3n por el CESCIJUC. \u00a0Cuenta con la certificaci\u00f3n de ITIL Expert y m\u00e1s de 20 certificaciones relacionas (entre ellas Cobit, ISO 20000, ISO 27000, eTOM, Lean IT).<\/p>\n<p style=\"text-align: justify;\">A lo largo de su trayectoria profesional de m\u00e1s de 20 a\u00f1os de experiencia ha participado en \u00e1reas de manufactura, planeaci\u00f3n estrat\u00e9gica, operaciones, log\u00edstica, investigaci\u00f3n de mercados y aseguramiento de la calidad.<\/p>\n<p style=\"text-align: justify;\">En la actualidad es consultor l\u00edder para M\u00e9xico, Latinoam\u00e9rica y Espa\u00f1a, en proyectos de evaluaci\u00f3n, dise\u00f1o e implementaci\u00f3n de modelos de Estrategia y Gobierno, Gesti\u00f3n de Servicios, Mejora Continua y Gesti\u00f3n del Conocimiento, en empresas de diferentes industrias (Financiera, Telecomunicaciones, Retail, Servicios de TI y Manufactura), as\u00ed como en la impartici\u00f3n de cursos y conferencias de ITIL, Gobierno, Cambio Cultural, Estrategia de Servicios entre otros.<\/p>\n<p style=\"text-align: justify;\">Cuenta con experiencia internacional en Panam\u00e1, El Salvador, Ecuador, Colombia, Espa\u00f1a, Chile, Argentina y Rep\u00fablica Dominicana.<\/p>\n<p style=\"text-align: justify;\">Como complemento de su actividad laboral es profesor en la Universidad del Valle de M\u00e9xico, en donde imparte clases a nivel licenciatura.<\/p>\n<\/div>\n<\/div><\/div><\/div><div id=\"pgc-536-1-1\"  class=\"panel-grid-cell panel-grid-cell-mobile-last\" ><div id=\"panel-536-1-1-0\" class=\"so-panel widget widget_sow-image panel-first-child\" data-index=\"12\" ><div\n\t\t\t\n\t\t\tclass=\"so-widget-sow-image so-widget-sow-image-default-c67d20f9f743-536\"\n\t\t\t\n\t\t>\n<div class=\"sow-image-container\">\n\t\t<img \n\tsrc=\"https:\/\/anuies-tic.anuies.mx\/web\/encuentro2016\/wp-content\/uploads\/sites\/9\/2016\/10\/jorge_garibay-circulo.png\" width=\"201\" height=\"199\" srcset=\"https:\/\/anuies-tic.anuies.mx\/web\/encuentro2016\/wp-content\/uploads\/sites\/9\/2016\/10\/jorge_garibay-circulo.png 201w, https:\/\/anuies-tic.anuies.mx\/web\/encuentro2016\/wp-content\/uploads\/sites\/9\/2016\/10\/jorge_garibay-circulo-150x150.png 150w\" sizes=\"(max-width: 201px) 100vw, 201px\" alt=\"\" \t\tclass=\"so-widget-image\"\/>\n\t<\/div>\n\n<\/div><\/div><div id=\"panel-536-1-1-1\" class=\"so-panel widget widget_sow-editor\" data-index=\"13\" ><div\n\t\t\t\n\t\t\tclass=\"so-widget-sow-editor so-widget-sow-editor-base\"\n\t\t\t\n\t\t>\n<div class=\"siteorigin-widget-tinymce textwidget\">\n\t<p style=\"text-align: center;\"><strong>MBA. Jorge Garibay Orozco<\/strong><\/p>\n<p style=\"text-align: center;\">\u201cInterpretaci\u00f3n ISO 38500: Gobierno corporativo de TI\u201d<\/p>\n<\/div>\n<\/div><\/div><div id=\"panel-536-1-1-2\" class=\"so-panel widget widget_sow-editor panel-last-child\" data-index=\"14\" ><div\n\t\t\t\n\t\t\tclass=\"so-widget-sow-editor so-widget-sow-editor-base\"\n\t\t\t\n\t\t>\n<div class=\"siteorigin-widget-tinymce textwidget\">\n\t<p style=\"text-align: justify;\">Director de Gobierno, Riesgo y Cumplimiento de TI en Pink Elephant, con m\u00e1s de 25 a\u00f1os de experiencia en proyectos de Seguridad de la Informaci\u00f3n, Administraci\u00f3n de Tecnolog\u00eda, Auditor\u00eda de TI, Cumplimiento regulatorio, Continuidad de Operaciones y Recuperaci\u00f3n en Casos de Desastre y\u00a0 An\u00e1lisis de Riesgos.<\/p>\n<p style=\"text-align: justify;\">Actualmente es Coordinador Suplente para M\u00e9xico del Subcomit\u00e9 espejo SC\/27 de la ISO, responsable de la edici\u00f3n, actualizaci\u00f3n y desarrollo del conjunto de est\u00e1ndares de la familia ISO 27001.\u00a0 Es Coordinador Titular para M\u00e9xico del Subcomit\u00e9 espejo de la SC\/223 de la ISO, responsable de la edici\u00f3n, actualizaci\u00f3n y desarrollo del conjunto de est\u00e1ndares de la familia ISO 22301.<\/p>\n<p style=\"text-align: justify;\">Es Coordinador del Board de Trabajo de Relaciones con Gobierno y entidades Reguladoras (GRAB) de ISACA para Am\u00e9rica Latina, desde hace 5 a\u00f1os, desarrollando e impulsando las certificaciones CISA, CISM, CRISC y CGEIT, as\u00ed como el uso del marco de referencia de Gobierno de TI, Cobit 5.<\/p>\n<\/div>\n<\/div><\/div><\/div><div id=\"pgc-536-1-2\"  class=\"panel-grid-cell panel-grid-cell-empty\" ><\/div><\/div><\/div>","protected":false},"excerpt":{"rendered":"<p>Lic. Tirso Alejandro Oropeza Beivide\u00bbEscenarios en las adquisiciones de TIC en las IES\u00bb Licenciado en Econom\u00eda e Ingeniero en Sistemas por el Instituto Tecnol\u00f3gico Aut\u00f3nomo de M\u00e9xico, cuenta con diplomados en \u201cDerecho Econ\u00f3mico Corporativo\u201d, \u201cDirecci\u00f3n de negocios\u201d, \u201cFinanzas\u201d y \u201cMercadotecnia\u201d<\/p>\n","protected":false},"author":1,"featured_media":0,"parent":0,"menu_order":0,"comment_status":"closed","ping_status":"closed","template":"","meta":{"footnotes":""},"class_list":["post-536","page","type-page","status-publish","hentry"],"rttpg_featured_image_url":null,"rttpg_author":{"display_name":"ctrlweb","author_link":"https:\/\/anuies-tic.anuies.mx\/web\/encuentro2016\/author\/ctrldcsctrlweb\/"},"rttpg_comment":0,"rttpg_category":null,"rttpg_excerpt":"Lic. Tirso Alejandro Oropeza Beivide\"Escenarios en las adquisiciones de TIC en las IES\" Licenciado en Econom\u00eda e Ingeniero en Sistemas por el Instituto Tecnol\u00f3gico Aut\u00f3nomo de M\u00e9xico, cuenta con diplomados en \u201cDerecho Econ\u00f3mico Corporativo\u201d, \u201cDirecci\u00f3n de negocios\u201d, \u201cFinanzas\u201d y \u201cMercadotecnia\u201d","_links":{"self":[{"href":"https:\/\/anuies-tic.anuies.mx\/web\/encuentro2016\/wp-json\/wp\/v2\/pages\/536","targetHints":{"allow":["GET"]}}],"collection":[{"href":"https:\/\/anuies-tic.anuies.mx\/web\/encuentro2016\/wp-json\/wp\/v2\/pages"}],"about":[{"href":"https:\/\/anuies-tic.anuies.mx\/web\/encuentro2016\/wp-json\/wp\/v2\/types\/page"}],"author":[{"embeddable":true,"href":"https:\/\/anuies-tic.anuies.mx\/web\/encuentro2016\/wp-json\/wp\/v2\/users\/1"}],"replies":[{"embeddable":true,"href":"https:\/\/anuies-tic.anuies.mx\/web\/encuentro2016\/wp-json\/wp\/v2\/comments?post=536"}],"version-history":[{"count":29,"href":"https:\/\/anuies-tic.anuies.mx\/web\/encuentro2016\/wp-json\/wp\/v2\/pages\/536\/revisions"}],"predecessor-version":[{"id":576,"href":"https:\/\/anuies-tic.anuies.mx\/web\/encuentro2016\/wp-json\/wp\/v2\/pages\/536\/revisions\/576"}],"wp:attachment":[{"href":"https:\/\/anuies-tic.anuies.mx\/web\/encuentro2016\/wp-json\/wp\/v2\/media?parent=536"}],"curies":[{"name":"wp","href":"https:\/\/api.w.org\/{rel}","templated":true}]}}