{"id":140,"date":"2017-05-30T00:45:50","date_gmt":"2017-05-30T00:45:50","guid":{"rendered":"https:\/\/anuies-tic.anuies.mx\/web\/encuesta-tic\/?page_id=140"},"modified":"2025-02-14T03:58:18","modified_gmt":"2025-02-14T03:58:18","slug":"acerca-de","status":"publish","type":"page","link":"https:\/\/anuies-tic.anuies.mx\/web\/encuesta-tic\/acerca-de\/","title":{"rendered":"Acerca de &#8230;"},"content":{"rendered":"<div id=\"pl-140\"  class=\"panel-layout\" ><div id=\"pg-140-0\"  class=\"panel-grid panel-no-style\" ><div id=\"pgc-140-0-0\"  class=\"panel-grid-cell\" ><div id=\"panel-140-0-0-0\" class=\"so-panel widget widget_sow-editor panel-first-child\" data-index=\"0\" ><div\n\t\t\t\n\t\t\tclass=\"so-widget-sow-editor so-widget-sow-editor-base\"\n\t\t\t\n\t\t><h3 class=\"widget-title\">Encuesta de Tecnolog\u00edas de Informaci\u00f3n en las Instituciones de Educaci\u00f3n Superior<\/h3>\n<div class=\"siteorigin-widget-tinymce textwidget\">\n\t<p>&nbsp;<\/p>\n<p style=\"text-align: justify;\"><img loading=\"lazy\" decoding=\"async\" class=\" wp-image-871 alignleft\" src=\"https:\/\/anuies-tic.anuies.mx\/web\/encuesta-tic\/wp-content\/uploads\/sites\/34\/2025\/02\/TIC-Post-scaled.jpg\" alt=\"\" width=\"450\" height=\"450\" srcset=\"https:\/\/anuies-tic.anuies.mx\/web\/encuesta-tic\/wp-content\/uploads\/sites\/34\/2025\/02\/TIC-Post-scaled.jpg 2560w, https:\/\/anuies-tic.anuies.mx\/web\/encuesta-tic\/wp-content\/uploads\/sites\/34\/2025\/02\/TIC-Post-300x300.jpg 300w, https:\/\/anuies-tic.anuies.mx\/web\/encuesta-tic\/wp-content\/uploads\/sites\/34\/2025\/02\/TIC-Post-1024x1024.jpg 1024w, https:\/\/anuies-tic.anuies.mx\/web\/encuesta-tic\/wp-content\/uploads\/sites\/34\/2025\/02\/TIC-Post-150x150.jpg 150w, https:\/\/anuies-tic.anuies.mx\/web\/encuesta-tic\/wp-content\/uploads\/sites\/34\/2025\/02\/TIC-Post-768x768.jpg 768w, https:\/\/anuies-tic.anuies.mx\/web\/encuesta-tic\/wp-content\/uploads\/sites\/34\/2025\/02\/TIC-Post-1536x1536.jpg 1536w, https:\/\/anuies-tic.anuies.mx\/web\/encuesta-tic\/wp-content\/uploads\/sites\/34\/2025\/02\/TIC-Post-2048x2048.jpg 2048w\" sizes=\"auto, (max-width: 450px) 100vw, 450px\" \/>La Asociaci\u00f3n Nacional de Universidades e Instituciones de Educaci\u00f3n Superior (ANUIES) a trav\u00e9s de su Comit\u00e9 ANUIES-TIC, llevar\u00e1 a cabo la \u201c<strong>Encuesta Nacional de Tecnolog\u00edas de Informaci\u00f3n en las Instituciones de Educaci\u00f3n Superior 2025<\/strong>\u201d, la cual tiene el objetivo de facilitar el an\u00e1lisis del estado de las TI desde tres perspectivas: la Descripci\u00f3n, la Gesti\u00f3n y el Gobierno de las TI.<\/p>\n<p style=\"text-align: justify;\"><strong>El periodo para dar respuesta es del 17 de febrero al 2 de mayo del presente a\u00f1o<\/strong>.&nbsp;<\/p>\n<p style=\"text-align: justify;\">Hemos tenido la oportunidad de trabajar en este ejercicio tan provechoso desde el a\u00f1o 2016, contando con una media de participaci\u00f3n de 145 Instituciones Asociadas. Es de se\u00f1alar que con la informaci\u00f3n recabada se han publicado 9 libros sobre el <strong>\u201c<span style=\"color: #993366;\"><a style=\"color: #993366;\" href=\"https:\/\/publicaciones-tic.anuies.mx\/descargas\/2024\/estado_actual_tic_en_las_ies.php\" target=\"_blank\" rel=\"noopener noreferrer\">Estado Actual de las Tecnolog\u00edas de la Informaci\u00f3n y las Comunicaciones en las Instituciones de Educaci\u00f3n Superior en M\u00e9xico<\/a><\/span>\u201d.<\/strong>&nbsp;El \u00e9xito de esta actividad es gracias a la participaci\u00f3n de las Instituciones.<\/p>\n<\/div>\n<\/div><\/div><div id=\"panel-140-0-0-1\" class=\"so-panel widget widget_sow-editor panel-last-child\" data-index=\"1\" ><div\n\t\t\t\n\t\t\tclass=\"so-widget-sow-editor so-widget-sow-editor-base\"\n\t\t\t\n\t\t><h3 class=\"widget-title\">Encuesta de Tecnolog\u00eda Educativa 2025 para las Instituciones de Educaci\u00f3n Superior<\/h3>\n<div class=\"siteorigin-widget-tinymce textwidget\">\n\t<p><img loading=\"lazy\" decoding=\"async\" class=\"wp-image-870 alignleft\" src=\"https:\/\/anuies-tic.anuies.mx\/web\/encuesta-tic\/wp-content\/uploads\/sites\/34\/2025\/02\/EdTech-post-scaled.jpg\" alt=\"\" width=\"450\" height=\"450\" srcset=\"https:\/\/anuies-tic.anuies.mx\/web\/encuesta-tic\/wp-content\/uploads\/sites\/34\/2025\/02\/EdTech-post-scaled.jpg 2560w, https:\/\/anuies-tic.anuies.mx\/web\/encuesta-tic\/wp-content\/uploads\/sites\/34\/2025\/02\/EdTech-post-300x300.jpg 300w, https:\/\/anuies-tic.anuies.mx\/web\/encuesta-tic\/wp-content\/uploads\/sites\/34\/2025\/02\/EdTech-post-1024x1024.jpg 1024w, https:\/\/anuies-tic.anuies.mx\/web\/encuesta-tic\/wp-content\/uploads\/sites\/34\/2025\/02\/EdTech-post-150x150.jpg 150w, https:\/\/anuies-tic.anuies.mx\/web\/encuesta-tic\/wp-content\/uploads\/sites\/34\/2025\/02\/EdTech-post-768x768.jpg 768w, https:\/\/anuies-tic.anuies.mx\/web\/encuesta-tic\/wp-content\/uploads\/sites\/34\/2025\/02\/EdTech-post-1536x1536.jpg 1536w, https:\/\/anuies-tic.anuies.mx\/web\/encuesta-tic\/wp-content\/uploads\/sites\/34\/2025\/02\/EdTech-post-2048x2048.jpg 2048w\" sizes=\"auto, (max-width: 450px) 100vw, 450px\" \/><\/p>\n<p style=\"text-align: justify;\">La Asociaci\u00f3n Nacional de Universidades e Instituciones de Educaci\u00f3n Superior (<strong>ANUIES<\/strong>), a trav\u00e9s de su Comit\u00e9 de Tecnolog\u00edas de la Informaci\u00f3n y Comunicaciones (<strong>ANUIES-TI<\/strong>C), con el fin de acopiar informaci\u00f3n para formular los indicadores generales en TI, y debido a la trascendencia que han tomado las diversas soluciones sobre el uso de la tecnolog\u00eda en la actividad acad\u00e9mica, lleva a cabo la sexta<strong>Encuesta de Tecnolog\u00eda Educativa 2025<\/strong>.<\/p>\n<p style=\"text-align: justify;\">La encuesta esta dise\u00f1ada por el Grupo de trabajo de Gesti\u00f3n de la Tecnolog\u00edas Educativa de ANUIES-TIC tomando como referencia la encuesta realizada por nuestros aliados del Grupo de trabajo de Formaci\u00f3n On-Line y Tecnolog\u00edas Educativas (FOLTE) de la Sectorial TIC de CRUE Universidades Espa\u00f1olas.<\/p>\n<p style=\"text-align: justify;\">La encuesta tiene por objetivo primordial, nos permitan en primera instancia, detectar necesidades y definir \u00e1reas de oportunidad para generar l\u00edneas de acci\u00f3n con un enfoque de trabajo colaborativo entre las IES.<\/p>\n<p style=\"text-align: justify;\">Entendemos que la circunstancia actual ha obligado a enfocar los esfuerzos a temas sustantivos para cada instituci\u00f3n, sin embargo, consideramos ser\u00e1 de mucho valor lograr los mencionados indicadores.<\/p>\n<p style=\"text-align: justify;\">Es de se\u00f1alar que el periodo para dar respuesta a este ejercicio es del <strong>17 de febrero al 2 de mayo<\/strong>&nbsp;del presente a\u00f1o. Finalmente es importante mencionar que los datos que proporcionen se utilizar\u00e1n de manera confidencial y bajo estrictos criterios de seguridad, con fines de an\u00e1lisis y estudio.<\/p>\n<p>&nbsp;<\/p>\n<p style=\"text-align: center;\"><strong>Agradecemos de antemano la participaci\u00f3n de su Instituci\u00f3n de Educaci\u00f3n Superior.<\/strong><\/p>\n<\/div>\n<\/div><\/div><\/div><\/div><\/div>","protected":false},"excerpt":{"rendered":"<p>&nbsp; La Asociaci\u00f3n Nacional de Universidades e Instituciones de Educaci\u00f3n Superior (ANUIES) a trav\u00e9s de su Comit\u00e9 ANUIES-TIC, llevar\u00e1 a<\/p>\n","protected":false},"author":1,"featured_media":0,"parent":0,"menu_order":0,"comment_status":"closed","ping_status":"closed","template":"","meta":{"colormag_page_container_layout":"default_layout","colormag_page_sidebar_layout":"default_layout","ngg_post_thumbnail":0,"footnotes":""},"class_list":["post-140","page","type-page","status-publish","hentry"],"rttpg_featured_image_url":null,"rttpg_author":{"display_name":"ctrlweb","author_link":"https:\/\/anuies-tic.anuies.mx\/web\/encuesta-tic\/author\/ctrldcsctrlweb\/"},"rttpg_comment":0,"rttpg_category":null,"rttpg_excerpt":"&nbsp; La Asociaci\u00f3n Nacional de Universidades e Instituciones de Educaci\u00f3n Superior (ANUIES) a trav\u00e9s de su Comit\u00e9 ANUIES-TIC, llevar\u00e1 a","_links":{"self":[{"href":"https:\/\/anuies-tic.anuies.mx\/web\/encuesta-tic\/wp-json\/wp\/v2\/pages\/140","targetHints":{"allow":["GET"]}}],"collection":[{"href":"https:\/\/anuies-tic.anuies.mx\/web\/encuesta-tic\/wp-json\/wp\/v2\/pages"}],"about":[{"href":"https:\/\/anuies-tic.anuies.mx\/web\/encuesta-tic\/wp-json\/wp\/v2\/types\/page"}],"author":[{"embeddable":true,"href":"https:\/\/anuies-tic.anuies.mx\/web\/encuesta-tic\/wp-json\/wp\/v2\/users\/1"}],"replies":[{"embeddable":true,"href":"https:\/\/anuies-tic.anuies.mx\/web\/encuesta-tic\/wp-json\/wp\/v2\/comments?post=140"}],"version-history":[{"count":24,"href":"https:\/\/anuies-tic.anuies.mx\/web\/encuesta-tic\/wp-json\/wp\/v2\/pages\/140\/revisions"}],"predecessor-version":[{"id":874,"href":"https:\/\/anuies-tic.anuies.mx\/web\/encuesta-tic\/wp-json\/wp\/v2\/pages\/140\/revisions\/874"}],"wp:attachment":[{"href":"https:\/\/anuies-tic.anuies.mx\/web\/encuesta-tic\/wp-json\/wp\/v2\/media?parent=140"}],"curies":[{"name":"wp","href":"https:\/\/api.w.org\/{rel}","templated":true}]}}