{"id":140,"date":"2017-05-30T00:45:50","date_gmt":"2017-05-30T00:45:50","guid":{"rendered":"http:\/\/anuies-tic.anuies.mx\/web\/encuesta-tic2018\/?page_id=140"},"modified":"2018-06-19T18:17:17","modified_gmt":"2018-06-19T18:17:17","slug":"acerca-de","status":"publish","type":"page","link":"https:\/\/anuies-tic.anuies.mx\/web\/encuesta-tic2018\/acerca-de\/","title":{"rendered":"Acerca de &#8230;"},"content":{"rendered":"<p style=\"text-align: center;\"><strong>Encuesta en Tecnolog\u00edas de Informaci\u00f3n de las IES 2018<\/strong><\/p>\n<p style=\"text-align: justify;\"><img loading=\"lazy\" decoding=\"async\" class=\"wp-image-510 alignleft\" src=\"http:\/\/anuies-tic.anuies.mx\/web\/encuesta-tic2018\/wp-content\/uploads\/sites\/32\/2018\/06\/imagen_encuesta.jpg\" alt=\"\" width=\"336\" height=\"224\" srcset=\"https:\/\/anuies-tic.anuies.mx\/web\/encuesta-tic2018\/wp-content\/uploads\/sites\/32\/2018\/06\/imagen_encuesta.jpg 1200w, https:\/\/anuies-tic.anuies.mx\/web\/encuesta-tic2018\/wp-content\/uploads\/sites\/32\/2018\/06\/imagen_encuesta-300x200.jpg 300w, https:\/\/anuies-tic.anuies.mx\/web\/encuesta-tic2018\/wp-content\/uploads\/sites\/32\/2018\/06\/imagen_encuesta-768x513.jpg 768w, https:\/\/anuies-tic.anuies.mx\/web\/encuesta-tic2018\/wp-content\/uploads\/sites\/32\/2018\/06\/imagen_encuesta-1024x684.jpg 1024w, https:\/\/anuies-tic.anuies.mx\/web\/encuesta-tic2018\/wp-content\/uploads\/sites\/32\/2018\/06\/imagen_encuesta-272x182.jpg 272w\" sizes=\"auto, (max-width: 336px) 100vw, 336px\" \/><span style=\"color: #000000;\">La Asociaci\u00f3n Nacional de Universidades e Instituciones de Educaci\u00f3n Superior a trav\u00e9s de su Comit\u00e9 ANUIES-TIC, llevar\u00e1 a cabo la \u201cEncuesta en Tecnolog\u00edas de Informaci\u00f3n de las IES 2018\u201d, con los ejes tem\u00e1ticos: Gobierno de las TIC; Seguridad de la Informaci\u00f3n y Gesti\u00f3n de adquisiciones.<\/span><br \/>\n<span style=\"color: #000000;\">En el a\u00f1o 2016, tuvimos la oportunidad de coordinar una primera encuesta con el prop\u00f3sito de obtener la informaci\u00f3n para formular los indicadores generales en TI, que nos permitieron en primera instancia, detectar necesidades y definir \u00e1reas de oportunidad que han generado l\u00edneas de acci\u00f3n con un enfoque de trabajo colaborativo entre las IES asociadas. En esa ocasi\u00f3n, se logr\u00f3 una magn\u00edfica participaci\u00f3n de 140 Instituciones de Educaci\u00f3n Superior, conformando as\u00ed, la edici\u00f3n del libro \u201cEstado actual de las Tecnolog\u00edas de la Informaci\u00f3n y las Comunicaciones en las Instituciones de Educaci\u00f3n Superior en M\u00e9xico. Estudio ejecutivo 2016\u201d, el cual fue entregado a todos los asistentes al Primer Encuentro ANUIES-TIC celebrado en el mes de Noviembre del a\u00f1o pasado y est\u00e1 a su disposici\u00f3n en <a style=\"color: #000000;\" href=\"http:\/\/anuies-tic.anuies.mx\/web\/encuentro2016\/wp-content\/uploads\/pdf\/EstadoActualTIC_en_las_IES.pdf\" target=\"_blank\" rel=\"noopener noreferrer\">este enlace<\/a>.&nbsp;Asimismo, le informo que actualmente se est\u00e1 concluyendo la nueva publicaci\u00f3n extensa de dicho estudio, con una cobertura completa de indicadores de tecnolog\u00edas de informaci\u00f3n y comunicaciones en las IES asociadas.<\/span><\/p>\n<p style=\"text-align: justify;\"><span style=\"color: #000000;\">&nbsp;Por lo anterior, solicitamos apoyo para que el responsable TIC de su Instituci\u00f3n pueda establecer comunicaci\u00f3n con nosotros, a trav\u00e9s del correo&nbsp;<a style=\"color: #000000;\" href=\"mailto:encuesta-tic@anuies.mx\" target=\"_blank\" rel=\"noopener noreferrer\">encuesta-tic@anuies.mx<\/a>; posteriormente se le indicar\u00e1 la forma de ingresar al sitio web de la Encuesta ANUIES-TIC 2018, con su clave de acceso institucional y con el acompa\u00f1amiento constante de nuestra parte para que el registro de su informaci\u00f3n sea \u00f3ptimo. El periodo para dar respuesta a este ejercicio es del 18 de Junio al 31 de Julio del presente a\u00f1o.<\/span><\/p>\n<p style=\"text-align: justify;\">Finalmente, le comento que con su valiosa colaboraci\u00f3n, se pretende que en 2018podamos superar este gran esfuerzo conjunto, con el cual podremos cimentar la publicaci\u00f3n correspondiente. Es importante mencionar que los datos que se proporcionen se utilizar\u00e1n de manera confidencial y bajo estrictos criterios de seguridad, con fines de an\u00e1lisis y estudios que coadyuven a la mejora continua del uso de las TIC en las Instituciones de Educaci\u00f3n Superior.<\/p>\n","protected":false},"excerpt":{"rendered":"<div class=\"slide-text-bg2\"><span>Encuesta en Tecnolog\u00edas de Informaci\u00f3n de las IES 2018 La Asociaci\u00f3n Nacional de Universidades e Instituciones de Educaci\u00f3n Superior a trav\u00e9s de su Co<\/span><\/div>\n<div class=\"slide-btn-area-sm\"><a href=\"https:\/\/anuies-tic.anuies.mx\/web\/encuesta-tic2018\/acerca-de\/\" class=\"slide-btn-sm\">Leer m\u00e1s<\/a><\/div>\n","protected":false},"author":1,"featured_media":0,"parent":0,"menu_order":0,"comment_status":"closed","ping_status":"closed","template":"fullwidth.php","meta":{"ngg_post_thumbnail":0,"footnotes":""},"class_list":["post-140","page","type-page","status-publish","hentry"],"rttpg_featured_image_url":null,"rttpg_author":{"display_name":"ctrlweb","author_link":"https:\/\/anuies-tic.anuies.mx\/web\/encuesta-tic2018\/author\/ctrldcsctrlweb\/"},"rttpg_comment":0,"rttpg_category":null,"rttpg_excerpt":"Encuesta en Tecnolog\u00edas de Informaci\u00f3n de las IES 2018 La Asociaci\u00f3n Nacional de Universidades e Instituciones de Educaci\u00f3n Superior a trav\u00e9s de su CoLeer m\u00e1s","_links":{"self":[{"href":"https:\/\/anuies-tic.anuies.mx\/web\/encuesta-tic2018\/wp-json\/wp\/v2\/pages\/140","targetHints":{"allow":["GET"]}}],"collection":[{"href":"https:\/\/anuies-tic.anuies.mx\/web\/encuesta-tic2018\/wp-json\/wp\/v2\/pages"}],"about":[{"href":"https:\/\/anuies-tic.anuies.mx\/web\/encuesta-tic2018\/wp-json\/wp\/v2\/types\/page"}],"author":[{"embeddable":true,"href":"https:\/\/anuies-tic.anuies.mx\/web\/encuesta-tic2018\/wp-json\/wp\/v2\/users\/1"}],"replies":[{"embeddable":true,"href":"https:\/\/anuies-tic.anuies.mx\/web\/encuesta-tic2018\/wp-json\/wp\/v2\/comments?post=140"}],"version-history":[{"count":13,"href":"https:\/\/anuies-tic.anuies.mx\/web\/encuesta-tic2018\/wp-json\/wp\/v2\/pages\/140\/revisions"}],"predecessor-version":[{"id":512,"href":"https:\/\/anuies-tic.anuies.mx\/web\/encuesta-tic2018\/wp-json\/wp\/v2\/pages\/140\/revisions\/512"}],"wp:attachment":[{"href":"https:\/\/anuies-tic.anuies.mx\/web\/encuesta-tic2018\/wp-json\/wp\/v2\/media?parent=140"}],"curies":[{"name":"wp","href":"https:\/\/api.w.org\/{rel}","templated":true}]}}

<p style="text-align: center;"><strong>Encuesta en Tecnologías de Información de las IES 2018</strong></p>
<p style="text-align: justify;"><img loading="lazy" decoding="async" class="wp-image-510 alignleft" src="http://anuies-tic.anuies.mx/web/encuesta-tic2018/wp-content/uploads/sites/32/2018/06/imagen_encuesta.jpg" alt="" width="336" height="224" srcset="https://anuies-tic.anuies.mx/web/encuesta-tic2018/wp-content/uploads/sites/32/2018/06/imagen_encuesta.jpg 1200w, https://anuies-tic.anuies.mx/web/encuesta-tic2018/wp-content/uploads/sites/32/2018/06/imagen_encuesta-300x200.jpg 300w, https://anuies-tic.anuies.mx/web/encuesta-tic2018/wp-content/uploads/sites/32/2018/06/imagen_encuesta-768x513.jpg 768w, https://anuies-tic.anuies.mx/web/encuesta-tic2018/wp-content/uploads/sites/32/2018/06/imagen_encuesta-1024x684.jpg 1024w, https://anuies-tic.anuies.mx/web/encuesta-tic2018/wp-content/uploads/sites/32/2018/06/imagen_encuesta-272x182.jpg 272w" sizes="auto, (max-width: 336px) 100vw, 336px" /><span style="color: #000000;">La Asociación Nacional de Universidades e Instituciones de Educación Superior a través de su Comité ANUIES-TIC, llevará a cabo la “Encuesta en Tecnologías de Información de las IES 2018”, con los ejes temáticos: Gobierno de las TIC; Seguridad de la Información y Gestión de adquisiciones.</span><br />
<span style="color: #000000;">En el año 2016, tuvimos la oportunidad de coordinar una primera encuesta con el propósito de obtener la información para formular los indicadores generales en TI, que nos permitieron en primera instancia, detectar necesidades y definir áreas de oportunidad que han generado líneas de acción con un enfoque de trabajo colaborativo entre las IES asociadas. En esa ocasión, se logró una magnífica participación de 140 Instituciones de Educación Superior, conformando así, la edición del libro “Estado actual de las Tecnologías de la Información y las Comunicaciones en las Instituciones de Educación Superior en México. Estudio ejecutivo 2016”, el cual fue entregado a todos los asistentes al Primer Encuentro ANUIES-TIC celebrado en el mes de Noviembre del año pasado y está a su disposición en <a style="color: #000000;" href="http://anuies-tic.anuies.mx/web/encuentro2016/wp-content/uploads/pdf/EstadoActualTIC_en_las_IES.pdf" target="_blank" rel="noopener noreferrer">este enlace</a>.&nbsp;Asimismo, le informo que actualmente se está concluyendo la nueva publicación extensa de dicho estudio, con una cobertura completa de indicadores de tecnologías de información y comunicaciones en las IES asociadas.</span></p>
<p style="text-align: justify;"><span style="color: #000000;">&nbsp;Por lo anterior, solicitamos apoyo para que el responsable TIC de su Institución pueda establecer comunicación con nosotros, a través del correo&nbsp;<a style="color: #000000;" href="mailto:encuesta-tic@anuies.mx" target="_blank" rel="noopener noreferrer">encuesta-tic@anuies.mx</a>; posteriormente se le indicará la forma de ingresar al sitio web de la Encuesta ANUIES-TIC 2018, con su clave de acceso institucional y con el acompañamiento constante de nuestra parte para que el registro de su información sea óptimo. El periodo para dar respuesta a este ejercicio es del 18 de Junio al 31 de Julio del presente año.</span></p>
<p style="text-align: justify;">Finalmente, le comento que con su valiosa colaboración, se pretende que en 2018podamos superar este gran esfuerzo conjunto, con el cual podremos cimentar la publicación correspondiente. Es importante mencionar que los datos que se proporcionen se utilizarán de manera confidencial y bajo estrictos criterios de seguridad, con fines de análisis y estudios que coadyuven a la mejora continua del uso de las TIC en las Instituciones de Educación Superior.</p>

<div class="slide-text-bg2"><span>Encuesta en Tecnologías de Información de las IES 2018 La Asociación Nacional de Universidades e Instituciones de Educación Superior a través de su Co</span></div>
<div class="slide-btn-area-sm"><a href="https://anuies-tic.anuies.mx/web/encuesta-tic2018/acerca-de/" class="slide-btn-sm">Leer más</a></div>

Encuesta en Tecnologías de Información de las IES 2018 La Asociación Nacional de Universidades e Instituciones de Educación Superior a través de su CoLeer más
