{"id":39,"date":"2017-05-29T16:20:05","date_gmt":"2017-05-29T16:20:05","guid":{"rendered":"http:\/\/anuies-tic.anuies.mx\/web\/encuesta-tic2018\/?page_id=39"},"modified":"2017-05-30T18:17:59","modified_gmt":"2017-05-30T18:17:59","slug":"objetivo","status":"publish","type":"page","link":"https:\/\/anuies-tic.anuies.mx\/web\/encuesta-tic2018\/objetivo\/","title":{"rendered":"Objetivo"},"content":{"rendered":"<p><strong>Objetivo<\/strong><\/p>\n<p style=\"text-align: justify;\">La \u201cEncuesta en Tecnolog\u00edas de Informaci\u00f3n de las IES\u00bb, tiene por objetivo generar un diagn\u00f3stico a trav\u00e9s de la evaluaci\u00f3n de las Tecnolog\u00edas de Informaci\u00f3n y las Comunicaciones, que permita detectar las necesidades para poder generar &nbsp;indicadores y localizar&nbsp;\u00e1reas de oportunidad&nbsp;en las cuales&nbsp;proponer recomendaciones y&nbsp; llevar a cabo l\u00edneas de acci\u00f3n para las Instituciones de Educaci\u00f3n Superior asociadas a la ANUIES.<\/p>\n","protected":false},"excerpt":{"rendered":"<div class=\"slide-text-bg2\"><span>Objetivo La \u201cEncuesta en Tecnolog\u00edas de Informaci\u00f3n de las IES\u00bb, tiene por objetivo generar un diagn\u00f3stico a trav\u00e9s de la evaluaci\u00f3n de las Tecnolo<\/span><\/div>\n<div class=\"slide-btn-area-sm\"><a href=\"https:\/\/anuies-tic.anuies.mx\/web\/encuesta-tic2018\/objetivo\/\" class=\"slide-btn-sm\">Leer m\u00e1s<\/a><\/div>\n","protected":false},"author":1,"featured_media":0,"parent":0,"menu_order":0,"comment_status":"closed","ping_status":"closed","template":"fullwidth.php","meta":{"ngg_post_thumbnail":0,"footnotes":""},"class_list":["post-39","page","type-page","status-publish","hentry"],"rttpg_featured_image_url":null,"rttpg_author":{"display_name":"ctrlweb","author_link":"https:\/\/anuies-tic.anuies.mx\/web\/encuesta-tic2018\/author\/ctrldcsctrlweb\/"},"rttpg_comment":0,"rttpg_category":null,"rttpg_excerpt":"Objetivo La \u201cEncuesta en Tecnolog\u00edas de Informaci\u00f3n de las IES\u00bb, tiene por objetivo generar un diagn\u00f3stico a trav\u00e9s de la evaluaci\u00f3n de las TecnoloLeer m\u00e1s","_links":{"self":[{"href":"https:\/\/anuies-tic.anuies.mx\/web\/encuesta-tic2018\/wp-json\/wp\/v2\/pages\/39","targetHints":{"allow":["GET"]}}],"collection":[{"href":"https:\/\/anuies-tic.anuies.mx\/web\/encuesta-tic2018\/wp-json\/wp\/v2\/pages"}],"about":[{"href":"https:\/\/anuies-tic.anuies.mx\/web\/encuesta-tic2018\/wp-json\/wp\/v2\/types\/page"}],"author":[{"embeddable":true,"href":"https:\/\/anuies-tic.anuies.mx\/web\/encuesta-tic2018\/wp-json\/wp\/v2\/users\/1"}],"replies":[{"embeddable":true,"href":"https:\/\/anuies-tic.anuies.mx\/web\/encuesta-tic2018\/wp-json\/wp\/v2\/comments?post=39"}],"version-history":[{"count":5,"href":"https:\/\/anuies-tic.anuies.mx\/web\/encuesta-tic2018\/wp-json\/wp\/v2\/pages\/39\/revisions"}],"predecessor-version":[{"id":288,"href":"https:\/\/anuies-tic.anuies.mx\/web\/encuesta-tic2018\/wp-json\/wp\/v2\/pages\/39\/revisions\/288"}],"wp:attachment":[{"href":"https:\/\/anuies-tic.anuies.mx\/web\/encuesta-tic2018\/wp-json\/wp\/v2\/media?parent=39"}],"curies":[{"name":"wp","href":"https:\/\/api.w.org\/{rel}","templated":true}]}}