{"id":10336,"date":"2024-05-20T11:51:08","date_gmt":"2024-05-20T17:51:08","guid":{"rendered":"https:\/\/anuies-tic.anuies.mx\/web\/?page_id=10336"},"modified":"2025-03-18T12:44:49","modified_gmt":"2025-03-18T18:44:49","slug":"ganadores-reconocimientos-anuies-tic-2023","status":"publish","type":"page","link":"https:\/\/anuies-tic.anuies.mx\/web\/ganadores-reconocimientos-anuies-tic-2023\/","title":{"rendered":"Ganadores Reconocimientos ANUIES-TIC 2023"},"content":{"rendered":"<div id=\"pl-10336\"  class=\"panel-layout\" ><div id=\"pg-10336-0\"  class=\"panel-grid panel-no-style\" ><div id=\"pgc-10336-0-0\"  class=\"panel-grid-cell\" ><div id=\"panel-10336-0-0-0\" class=\"so-panel widget widget_sow-editor panel-first-child panel-last-child\" data-index=\"0\" ><div\n\t\t\t\n\t\t\tclass=\"so-widget-sow-editor so-widget-sow-editor-base\"\n\t\t\t\n\t\t>\n<div class=\"siteorigin-widget-tinymce textwidget\">\n\t<h3 style=\"text-align: center;\"><strong>Categor\u00eda: Innovaci\u00f3n de la gesti\u00f3n mediante las TIC<\/strong><\/h3>\n<hr \/>\n<\/div>\n<\/div><\/div><\/div><\/div><div id=\"pg-10336-1\"  class=\"panel-grid panel-has-style\" ><div class=\"panel-row-style panel-row-style-for-10336-1\" ><div id=\"pgc-10336-1-0\"  class=\"panel-grid-cell\" ><div id=\"panel-10336-1-0-0\" class=\"so-panel widget widget_sow-editor panel-first-child panel-last-child\" data-index=\"1\" ><div\n\t\t\t\n\t\t\tclass=\"so-widget-sow-editor so-widget-sow-editor-base\"\n\t\t\t\n\t\t>\n<div class=\"siteorigin-widget-tinymce textwidget\">\n\t<div class=\"pt-cv-wrapper\">\n<div class=\"pt-cv-view pt-cv-grid pt-cv-colsys\" id=\"pt-cv-view-d1cbe3d7rj\">\n<div data-id=\"pt-cv-page-1\" class=\"pt-cv-page\" data-cvc=\"3\">\n<div class=\"col-md-4 col-sm-6 col-xs-12 pt-cv-content-item pt-cv-1-col\" >\n<div class='pt-cv-ifield'><a href=\"https:\/\/anuies-tic.anuies.mx\/web\/portal-de-enlace-academico\/\" class=\"_self pt-cv-href-thumbnail pt-cv-thumb-default\" target=\"_self\" ><img loading=\"lazy\" decoding=\"async\" width=\"272\" height=\"138\" src=\"https:\/\/anuies-tic.anuies.mx\/web\/wp-content\/uploads\/2024\/05\/unison-272x138.png\" class=\"pt-cv-thumbnail\" alt=\"\" \/><\/a><\/p>\n<h4 class=\"pt-cv-title\"><a href=\"https:\/\/anuies-tic.anuies.mx\/web\/portal-de-enlace-academico\/\" class=\"_self\" target=\"_self\" >Portal de Enlace Acad\u00e9mico<\/a><\/h4>\n<\/div>\n<\/div>\n<div class=\"col-md-4 col-sm-6 col-xs-12 pt-cv-content-item pt-cv-1-col\" >\n<div class='pt-cv-ifield'><a href=\"https:\/\/anuies-tic.anuies.mx\/web\/plataforma-para-la-integracion-informe-anualuacj\/\" class=\"_self pt-cv-href-thumbnail pt-cv-thumb-default\" target=\"_self\" ><img loading=\"lazy\" decoding=\"async\" width=\"272\" height=\"182\" src=\"https:\/\/anuies-tic.anuies.mx\/web\/wp-content\/uploads\/2024\/05\/Py_292_24052023143658-272x182.jpg\" class=\"pt-cv-thumbnail\" alt=\"\" \/><\/a><\/p>\n<h4 class=\"pt-cv-title\"><a href=\"https:\/\/anuies-tic.anuies.mx\/web\/plataforma-para-la-integracion-informe-anualuacj\/\" class=\"_self\" target=\"_self\" >Plataforma para la Integraci\u00f3n del Informe Anual de Actividades en la UACJ<\/a><\/h4>\n<\/div>\n<\/div>\n<div class=\"col-md-4 col-sm-6 col-xs-12 pt-cv-content-item pt-cv-1-col\" >\n<div class='pt-cv-ifield'><a href=\"https:\/\/anuies-tic.anuies.mx\/web\/plataforma-digital-para-la-acreditacion-institucional-ugto\/\" class=\"_self pt-cv-href-thumbnail pt-cv-thumb-default\" target=\"_self\" ><img loading=\"lazy\" decoding=\"async\" width=\"272\" height=\"182\" src=\"https:\/\/anuies-tic.anuies.mx\/web\/wp-content\/uploads\/2024\/05\/Py_313_31052023161359-272x182.jpg\" class=\"pt-cv-thumbnail\" alt=\"\" \/><\/a><\/p>\n<h4 class=\"pt-cv-title\"><a href=\"https:\/\/anuies-tic.anuies.mx\/web\/plataforma-digital-para-la-acreditacion-institucional-ugto\/\" class=\"_self\" target=\"_self\" >Plataforma digital para la acreditaci\u00f3n institucional y seguimiento a recomendaciones CIEES de la Universidad de Guanajuato<\/a><\/h4>\n<\/div>\n<\/div>\n<div class=\"col-md-4 col-sm-6 col-xs-12 pt-cv-content-item pt-cv-1-col\" >\n<div class='pt-cv-ifield'><a href=\"https:\/\/anuies-tic.anuies.mx\/web\/el-ecosistema-de-servicios-escolares-de-la-unacar\/\" class=\"_self pt-cv-href-thumbnail pt-cv-thumb-default\" target=\"_self\" ><img loading=\"lazy\" decoding=\"async\" width=\"272\" height=\"182\" src=\"https:\/\/anuies-tic.anuies.mx\/web\/wp-content\/uploads\/2024\/05\/Py_310_05062023205109-272x182.png\" class=\"pt-cv-thumbnail\" alt=\"\" \/><\/a><\/p>\n<h4 class=\"pt-cv-title\"><a href=\"https:\/\/anuies-tic.anuies.mx\/web\/el-ecosistema-de-servicios-escolares-de-la-unacar\/\" class=\"_self\" target=\"_self\" >El ecosistema de servicios escolares de la UNACAR en apoyo a la trayectoria escolar del estudiante: de aspirante a titulado.<\/a><\/h4>\n<\/div>\n<\/div>\n<div class=\"col-md-4 col-sm-6 col-xs-12 pt-cv-content-item pt-cv-1-col\" >\n<div class='pt-cv-ifield'><a href=\"https:\/\/anuies-tic.anuies.mx\/web\/app-uaemex-un-acceso-digital-a-tu-universidad\/\" class=\"_self pt-cv-href-thumbnail pt-cv-thumb-default\" target=\"_self\" ><img loading=\"lazy\" decoding=\"async\" width=\"272\" height=\"182\" src=\"https:\/\/anuies-tic.anuies.mx\/web\/wp-content\/uploads\/2024\/05\/Py_294_30052023143152-272x182.png\" class=\"pt-cv-thumbnail\" alt=\"\" \/><\/a><\/p>\n<h4 class=\"pt-cv-title\"><a href=\"https:\/\/anuies-tic.anuies.mx\/web\/app-uaemex-un-acceso-digital-a-tu-universidad\/\" class=\"_self\" target=\"_self\" >App UAEM\u00e9x, un acceso digital a tu Universidad<\/a><\/h4>\n<\/div>\n<\/div>\n<\/div>\n<\/div>\n<\/div>\n<\/div>\n<\/div><\/div><\/div><\/div><\/div><div id=\"pg-10336-2\"  class=\"panel-grid panel-no-style\" ><div id=\"pgc-10336-2-0\"  class=\"panel-grid-cell\" ><div id=\"panel-10336-2-0-0\" class=\"so-panel widget widget_sow-editor panel-first-child panel-last-child\" data-index=\"2\" ><div\n\t\t\t\n\t\t\tclass=\"so-widget-sow-editor so-widget-sow-editor-base\"\n\t\t\t\n\t\t>\n<div class=\"siteorigin-widget-tinymce textwidget\">\n\t<h3 style=\"text-align: center;\"><strong>Transformaci\u00f3n de las pr\u00e1cticas educativas mediante las TIC<\/strong><\/h3>\n<hr \/>\n<h3 style=\"text-align: center;\"><\/h3>\n<\/div>\n<\/div><\/div><\/div><\/div><div id=\"pg-10336-3\"  class=\"panel-grid panel-has-style\" ><div class=\"panel-row-style panel-row-style-for-10336-3\" ><div id=\"pgc-10336-3-0\"  class=\"panel-grid-cell\" ><div id=\"panel-10336-3-0-0\" class=\"so-panel widget widget_sow-editor panel-first-child panel-last-child\" data-index=\"3\" ><div\n\t\t\t\n\t\t\tclass=\"so-widget-sow-editor so-widget-sow-editor-base\"\n\t\t\t\n\t\t>\n<div class=\"siteorigin-widget-tinymce textwidget\">\n\t<div class=\"pt-cv-wrapper\">\n<div class=\"pt-cv-view pt-cv-grid pt-cv-colsys\" id=\"pt-cv-view-96cc541jnp\">\n<div data-id=\"pt-cv-page-1\" class=\"pt-cv-page\" data-cvc=\"3\">\n<div class=\"col-md-4 col-sm-6 col-xs-12 pt-cv-content-item pt-cv-1-col\" >\n<div class='pt-cv-ifield'><a href=\"https:\/\/anuies-tic.anuies.mx\/web\/programa-de-transformacion-digital\/\" class=\"_self pt-cv-href-thumbnail pt-cv-thumb-default\" target=\"_self\" ><img loading=\"lazy\" decoding=\"async\" width=\"300\" height=\"68\" src=\"https:\/\/anuies-tic.anuies.mx\/web\/wp-content\/uploads\/2024\/05\/UTJ-300x68.png\" class=\"pt-cv-thumbnail\" alt=\"\" srcset=\"https:\/\/anuies-tic.anuies.mx\/web\/wp-content\/uploads\/2024\/05\/UTJ-300x68.png 300w, https:\/\/anuies-tic.anuies.mx\/web\/wp-content\/uploads\/2024\/05\/UTJ.png 472w\" sizes=\"auto, (max-width: 300px) 100vw, 300px\" \/><\/a><\/p>\n<h4 class=\"pt-cv-title\"><a href=\"https:\/\/anuies-tic.anuies.mx\/web\/programa-de-transformacion-digital\/\" class=\"_self\" target=\"_self\" >Programa de Transformaci\u00f3n Digital<\/a><\/h4>\n<\/div>\n<\/div>\n<div class=\"col-md-4 col-sm-6 col-xs-12 pt-cv-content-item pt-cv-1-col\" >\n<div class='pt-cv-ifield'><a href=\"https:\/\/anuies-tic.anuies.mx\/web\/plataforma-de-indicadores-de-trayectoria-escolar-en-la-uacj\/\" class=\"_self pt-cv-href-thumbnail pt-cv-thumb-default\" target=\"_self\" ><img loading=\"lazy\" decoding=\"async\" width=\"300\" height=\"141\" src=\"https:\/\/anuies-tic.anuies.mx\/web\/wp-content\/uploads\/2024\/05\/Py_290_24052023143616-300x141.jpg\" class=\"pt-cv-thumbnail\" alt=\"\" srcset=\"https:\/\/anuies-tic.anuies.mx\/web\/wp-content\/uploads\/2024\/05\/Py_290_24052023143616-300x141.jpg 300w, https:\/\/anuies-tic.anuies.mx\/web\/wp-content\/uploads\/2024\/05\/Py_290_24052023143616-1024x482.jpg 1024w, https:\/\/anuies-tic.anuies.mx\/web\/wp-content\/uploads\/2024\/05\/Py_290_24052023143616-768x361.jpg 768w, https:\/\/anuies-tic.anuies.mx\/web\/wp-content\/uploads\/2024\/05\/Py_290_24052023143616.jpg 1275w\" sizes=\"auto, (max-width: 300px) 100vw, 300px\" \/><\/a><\/p>\n<h4 class=\"pt-cv-title\"><a href=\"https:\/\/anuies-tic.anuies.mx\/web\/plataforma-de-indicadores-de-trayectoria-escolar-en-la-uacj\/\" class=\"_self\" target=\"_self\" >Plataforma de Indicadores de Trayectoria Escolar en la UACJ<\/a><\/h4>\n<\/div>\n<\/div>\n<div class=\"col-md-4 col-sm-6 col-xs-12 pt-cv-content-item pt-cv-1-col\" >\n<div class='pt-cv-ifield'><a href=\"https:\/\/anuies-tic.anuies.mx\/web\/modulo-virtual-de-tutorias\/\" class=\"_self pt-cv-href-thumbnail pt-cv-thumb-default\" target=\"_self\" ><img loading=\"lazy\" decoding=\"async\" width=\"300\" height=\"154\" src=\"https:\/\/anuies-tic.anuies.mx\/web\/wp-content\/uploads\/2024\/05\/UDG-300x154.png\" class=\"pt-cv-thumbnail\" alt=\"\" srcset=\"https:\/\/anuies-tic.anuies.mx\/web\/wp-content\/uploads\/2024\/05\/UDG-300x154.png 300w, https:\/\/anuies-tic.anuies.mx\/web\/wp-content\/uploads\/2024\/05\/UDG.png 313w\" sizes=\"auto, (max-width: 300px) 100vw, 300px\" \/><\/a><\/p>\n<h4 class=\"pt-cv-title\"><a href=\"https:\/\/anuies-tic.anuies.mx\/web\/modulo-virtual-de-tutorias\/\" class=\"_self\" target=\"_self\" >M\u00f3dulo Virtual de Tutor\u00edas<\/a><\/h4>\n<\/div>\n<\/div>\n<div class=\"col-md-4 col-sm-6 col-xs-12 pt-cv-content-item pt-cv-1-col\" >\n<div class='pt-cv-ifield'><a href=\"https:\/\/anuies-tic.anuies.mx\/web\/la-realidad-virtual-para-transformar-la-educacion\/\" class=\"_self pt-cv-href-thumbnail pt-cv-thumb-default\" target=\"_self\" ><img loading=\"lazy\" decoding=\"async\" width=\"300\" height=\"300\" src=\"https:\/\/anuies-tic.anuies.mx\/web\/wp-content\/uploads\/2024\/05\/Py_265_24032023135854-300x300.png\" class=\"pt-cv-thumbnail\" alt=\"\" srcset=\"https:\/\/anuies-tic.anuies.mx\/web\/wp-content\/uploads\/2024\/05\/Py_265_24032023135854-300x300.png 300w, https:\/\/anuies-tic.anuies.mx\/web\/wp-content\/uploads\/2024\/05\/Py_265_24032023135854-150x150.png 150w, https:\/\/anuies-tic.anuies.mx\/web\/wp-content\/uploads\/2024\/05\/Py_265_24032023135854-768x768.png 768w, https:\/\/anuies-tic.anuies.mx\/web\/wp-content\/uploads\/2024\/05\/Py_265_24032023135854.png 1000w\" sizes=\"auto, (max-width: 300px) 100vw, 300px\" \/><\/a><\/p>\n<h4 class=\"pt-cv-title\"><a href=\"https:\/\/anuies-tic.anuies.mx\/web\/la-realidad-virtual-para-transformar-la-educacion\/\" class=\"_self\" target=\"_self\" >La realidad virtual para transformar la educaci\u00f3n<\/a><\/h4>\n<\/div>\n<\/div>\n<\/div>\n<\/div>\n<\/div>\n<\/div>\n<\/div><\/div><\/div><\/div><\/div><div id=\"pg-10336-4\"  class=\"panel-grid panel-no-style\" ><div id=\"pgc-10336-4-0\"  class=\"panel-grid-cell\" ><div id=\"panel-10336-4-0-0\" class=\"so-panel widget widget_sow-editor panel-first-child panel-last-child\" data-index=\"4\" ><div\n\t\t\t\n\t\t\tclass=\"so-widget-sow-editor so-widget-sow-editor-base\"\n\t\t\t\n\t\t>\n<div class=\"siteorigin-widget-tinymce textwidget\">\n\t<h3 style=\"text-align: center;\"><strong>Las TIC en la responsabilidad social<\/strong><\/h3>\n<hr \/>\n<\/div>\n<\/div><\/div><\/div><\/div><div id=\"pg-10336-5\"  class=\"panel-grid panel-has-style\" ><div class=\"panel-row-style panel-row-style-for-10336-5\" ><div id=\"pgc-10336-5-0\"  class=\"panel-grid-cell\" ><div id=\"panel-10336-5-0-0\" class=\"so-panel widget widget_sow-editor panel-first-child panel-last-child\" data-index=\"5\" ><div\n\t\t\t\n\t\t\tclass=\"so-widget-sow-editor so-widget-sow-editor-base\"\n\t\t\t\n\t\t>\n<div class=\"siteorigin-widget-tinymce textwidget\">\n\t<div class=\"pt-cv-wrapper\">\n<div class=\"pt-cv-view pt-cv-grid pt-cv-colsys\" id=\"pt-cv-view-3ca9b69rzb\">\n<div data-id=\"pt-cv-page-1\" class=\"pt-cv-page\" data-cvc=\"3\">\n<div class=\"col-md-4 col-sm-6 col-xs-12 pt-cv-content-item pt-cv-1-col\" >\n<div class='pt-cv-ifield'><a href=\"https:\/\/anuies-tic.anuies.mx\/web\/smart-uabcs\/\" class=\"_self pt-cv-href-thumbnail pt-cv-thumb-default\" target=\"_self\" ><img loading=\"lazy\" decoding=\"async\" width=\"272\" height=\"182\" src=\"https:\/\/anuies-tic.anuies.mx\/web\/wp-content\/uploads\/2024\/05\/Py_311_05062023230951-272x182.jpg\" class=\"pt-cv-thumbnail\" alt=\"\" srcset=\"https:\/\/anuies-tic.anuies.mx\/web\/wp-content\/uploads\/2024\/05\/Py_311_05062023230951-272x182.jpg 272w, https:\/\/anuies-tic.anuies.mx\/web\/wp-content\/uploads\/2024\/05\/Py_311_05062023230951-300x200.jpg 300w, https:\/\/anuies-tic.anuies.mx\/web\/wp-content\/uploads\/2024\/05\/Py_311_05062023230951-1024x682.jpg 1024w, https:\/\/anuies-tic.anuies.mx\/web\/wp-content\/uploads\/2024\/05\/Py_311_05062023230951-768x512.jpg 768w, https:\/\/anuies-tic.anuies.mx\/web\/wp-content\/uploads\/2024\/05\/Py_311_05062023230951-1536x1023.jpg 1536w, https:\/\/anuies-tic.anuies.mx\/web\/wp-content\/uploads\/2024\/05\/Py_311_05062023230951.jpg 1600w\" sizes=\"auto, (max-width: 272px) 100vw, 272px\" \/><\/a><\/p>\n<h4 class=\"pt-cv-title\"><a href=\"https:\/\/anuies-tic.anuies.mx\/web\/smart-uabcs\/\" class=\"_self\" target=\"_self\" >SMART UABCS &#8211; Sistema Integral para la Micromedici\u00f3n y Telemetr\u00eda de Gasto de Agua<\/a><\/h4>\n<\/div>\n<\/div>\n<\/div>\n<\/div>\n<\/div>\n<\/div>\n<\/div><\/div><\/div><\/div><\/div><\/div>","protected":false},"excerpt":{"rendered":"<p>Categor\u00eda: Innovaci\u00f3n de la gesti\u00f3n mediante las TIC<\/p>\n","protected":false},"author":1,"featured_media":0,"parent":0,"menu_order":0,"comment_status":"closed","ping_status":"closed","template":"templates\/template-full.php","meta":{"_mc_calendar":[],"footnotes":""},"class_list":["post-10336","page","type-page","status-publish","hentry","post"],"rttpg_featured_image_url":null,"rttpg_author":{"display_name":"ctrlweb","author_link":"https:\/\/anuies-tic.anuies.mx\/web\/author\/ctrldcsctrlweb\/"},"rttpg_comment":0,"rttpg_category":null,"rttpg_excerpt":"Categor\u00eda: Innovaci\u00f3n de la gesti\u00f3n mediante las TIC","_links":{"self":[{"href":"https:\/\/anuies-tic.anuies.mx\/web\/wp-json\/wp\/v2\/pages\/10336","targetHints":{"allow":["GET"]}}],"collection":[{"href":"https:\/\/anuies-tic.anuies.mx\/web\/wp-json\/wp\/v2\/pages"}],"about":[{"href":"https:\/\/anuies-tic.anuies.mx\/web\/wp-json\/wp\/v2\/types\/page"}],"author":[{"embeddable":true,"href":"https:\/\/anuies-tic.anuies.mx\/web\/wp-json\/wp\/v2\/users\/1"}],"replies":[{"embeddable":true,"href":"https:\/\/anuies-tic.anuies.mx\/web\/wp-json\/wp\/v2\/comments?post=10336"}],"version-history":[{"count":5,"href":"https:\/\/anuies-tic.anuies.mx\/web\/wp-json\/wp\/v2\/pages\/10336\/revisions"}],"predecessor-version":[{"id":10755,"href":"https:\/\/anuies-tic.anuies.mx\/web\/wp-json\/wp\/v2\/pages\/10336\/revisions\/10755"}],"wp:attachment":[{"href":"https:\/\/anuies-tic.anuies.mx\/web\/wp-json\/wp\/v2\/media?parent=10336"}],"curies":[{"name":"wp","href":"https:\/\/api.w.org\/{rel}","templated":true}]}}