{"id":4308,"date":"2018-08-23T13:18:37","date_gmt":"2018-08-23T19:18:37","guid":{"rendered":"http:\/\/anuies-tic.anuies.mx\/web\/?page_id=4308"},"modified":"2020-01-23T14:55:19","modified_gmt":"2020-01-23T20:55:19","slug":"implementacion-de-la-estrategia-nacional-de-ciberseguridad","status":"publish","type":"page","link":"https:\/\/anuies-tic.anuies.mx\/web\/implementacion-de-la-estrategia-nacional-de-ciberseguridad\/","title":{"rendered":"Implementaci\u00f3n de la Estrategia Nacional de Ciberseguridad"},"content":{"rendered":"<div id=\"pl-4308\"  class=\"panel-layout\" ><div id=\"pg-4308-0\"  class=\"panel-grid panel-has-style\" ><div class=\"siteorigin-panels-stretch panel-row-style panel-row-style-for-4308-0\" data-stretch-type=\"full-stretched\" ><div id=\"pgc-4308-0-0\"  class=\"panel-grid-cell panel-grid-cell-empty\" ><\/div><div id=\"pgc-4308-0-1\"  class=\"panel-grid-cell\" ><div id=\"panel-4308-0-1-0\" class=\"so-panel widget widget_sow-editor panel-first-child\" data-index=\"0\" ><div class=\"panel-widget-style panel-widget-style-for-4308-0-1-0\" ><div\n\t\t\t\n\t\t\tclass=\"so-widget-sow-editor so-widget-sow-editor-base\"\n\t\t\t\n\t\t>\n<div class=\"siteorigin-widget-tinymce textwidget\">\n\t<p><span style=\"color: #800000; font-size: 18pt;\"><strong><img loading=\"lazy\" decoding=\"async\" class=\"size-full wp-image-6165 alignnone\" src=\"https:\/\/anuies-tic.anuies.mx\/web\/wp-content\/uploads\/2020\/01\/OBJETIVO-GENRAL2.png\" alt=\"\" width=\"80\" height=\"80\" \/> Acciones Relevantes<\/strong><\/span><\/p>\n<p style=\"padding-left: 40px;\"><img loading=\"lazy\" decoding=\"async\" class=\"size-full wp-image-6170 alignnone\" src=\"https:\/\/anuies-tic.anuies.mx\/web\/wp-content\/uploads\/2020\/01\/VI\u00d1ETA2.png\" alt=\"\" width=\"30\" height=\"30\" \/>\u00a0 Presentaci\u00f3n de la implementaci\u00f3n de la Estrategia Nacional de Ciberseguridad.<\/p>\n<p style=\"padding-left: 40px;\"><img loading=\"lazy\" decoding=\"async\" class=\"size-full wp-image-6170 alignnone\" src=\"https:\/\/anuies-tic.anuies.mx\/web\/wp-content\/uploads\/2020\/01\/VI\u00d1ETA2.png\" alt=\"\" width=\"30\" height=\"30\" \/>\u00a0 Presentaci\u00f3n de la Subcomisi\u00f3n de Ciberseguridad.<\/p>\n<p style=\"padding-left: 40px;\"><img loading=\"lazy\" decoding=\"async\" class=\"size-full wp-image-6170 alignnone\" src=\"https:\/\/anuies-tic.anuies.mx\/web\/wp-content\/uploads\/2020\/01\/VI\u00d1ETA2.png\" alt=\"\" width=\"30\" height=\"30\" \/>\u00a0 Propuesta desde la perspectiva de las Instituciones de Educaci\u00f3n Superior a trav\u00e9s de una Comisi\u00f3n Especial del Comit\u00e9 ANUIES-TIC para la captaci\u00f3n de talentos, formaci\u00f3n de capital humano y promoci\u00f3n del trabajo colaborativo entre Gobierno, Empresa y la Academia.<\/p>\n<p style=\"padding-left: 40px;\"><img loading=\"lazy\" decoding=\"async\" class=\"size-full wp-image-6170 alignnone\" src=\"https:\/\/anuies-tic.anuies.mx\/web\/wp-content\/uploads\/2020\/01\/VI\u00d1ETA2.png\" alt=\"\" width=\"30\" height=\"30\" \/>\u00a0 Identificar proyectos implementados o en curso que apoyen los objetivos finales del eje transversal: Desarrollo de Capacidades.<\/p>\n<p style=\"padding-left: 40px;\"><img loading=\"lazy\" decoding=\"async\" class=\"size-full wp-image-6170 alignnone\" src=\"https:\/\/anuies-tic.anuies.mx\/web\/wp-content\/uploads\/2020\/01\/VI\u00d1ETA2.png\" alt=\"\" width=\"30\" height=\"30\" \/>\u00a0 Identificar nuevas iniciativas o \u00e1reas de mejora que apoyen los objetivos finales del eje transversal: Desarrollo de Capacidades.<\/p>\n<p style=\"padding-left: 40px;\"><img loading=\"lazy\" decoding=\"async\" class=\"size-full wp-image-6170 alignnone\" src=\"https:\/\/anuies-tic.anuies.mx\/web\/wp-content\/uploads\/2020\/01\/VI\u00d1ETA2.png\" alt=\"\" width=\"30\" height=\"30\" \/>\u00a0 Propuesta de objetivos y l\u00edneas de acci\u00f3n para el eje transversal: Desarrollo de capacidades.<\/p>\n<p style=\"padding-left: 40px;\"><img loading=\"lazy\" decoding=\"async\" class=\"size-full wp-image-6170 alignnone\" src=\"https:\/\/anuies-tic.anuies.mx\/web\/wp-content\/uploads\/2020\/01\/VI\u00d1ETA2.png\" alt=\"\" width=\"30\" height=\"30\" \/>\u00a0 Memorias y recomendaciones del eje transversal: Desarrollo de capacidades.<\/p>\n<h2 style=\"text-align: center;\"><\/h2>\n<\/div>\n<\/div><\/div><\/div><div id=\"panel-4308-0-1-1\" class=\"so-panel widget widget_sow-editor panel-last-child\" data-index=\"1\" ><div class=\"panel-widget-style panel-widget-style-for-4308-0-1-1\" ><div\n\t\t\t\n\t\t\tclass=\"so-widget-sow-editor so-widget-sow-editor-base\"\n\t\t\t\n\t\t><h3 class=\"widget-title\">Presentaci\u00f3n de informes<\/h3>\n<div class=\"siteorigin-widget-tinymce textwidget\">\n\t<p style=\"padding-left: 40px;\"><span style=\"color: #333333; font-size: 14pt;\"><img loading=\"lazy\" decoding=\"async\" class=\"size-full wp-image-6175 alignnone\" src=\"https:\/\/anuies-tic.anuies.mx\/web\/wp-content\/uploads\/2020\/01\/VI\u00d1ETA3.png\" alt=\"\" width=\"12\" height=\"20\" \/><span style=\"font-size: 18pt; color: #800000;\">\u00a0 <a style=\"color: #800000;\" href=\"https:\/\/anuies-tic.anuies.mx\/web\/wp-content\/uploads\/2018\/08\/Informe-ENCS-Desarrollo-de-Capacidades_21032018.pdf\" target=\"_blank\" rel=\"noopener\">Informe de avance 1<\/a><\/span><\/span><\/p>\n<p style=\"padding-left: 40px;\"><span style=\"color: #800000; font-size: 18pt;\"><img loading=\"lazy\" decoding=\"async\" class=\"size-full wp-image-6175 alignnone\" src=\"https:\/\/anuies-tic.anuies.mx\/web\/wp-content\/uploads\/2020\/01\/VI\u00d1ETA3.png\" alt=\"\" width=\"12\" height=\"20\" \/>\u00a0 <a style=\"color: #800000;\" href=\"https:\/\/anuies-tic.anuies.mx\/web\/wp-content\/uploads\/2018\/08\/Informe-ENCS-Desarrollo-de-Capacidades_22052018.pdf\" target=\"_blank\" rel=\"noopener\">Informe de avance 2<\/a><\/span><\/p>\n<p style=\"padding-left: 40px;\"><span style=\"color: #800000; font-size: 18pt;\"><img loading=\"lazy\" decoding=\"async\" class=\"size-full wp-image-6175 alignnone\" src=\"https:\/\/anuies-tic.anuies.mx\/web\/wp-content\/uploads\/2020\/01\/VI\u00d1ETA3.png\" alt=\"\" width=\"12\" height=\"20\" \/>\u00a0 <a style=\"color: #800000;\" href=\"https:\/\/anuies-tic.anuies.mx\/web\/wp-content\/uploads\/2018\/08\/L%C3%ADneas-de-Acci%C3%B3n-del-Eje-Transversal-DESARROLLO-DE-CAPACIDADES.pdf\" target=\"_blank\" rel=\"noopener\">Propuestas de l\u00edneas de acci\u00f3n del eje transversal de Desarrollo de capacidades<\/a><\/span><\/p>\n<\/div>\n<\/div><\/div><\/div><\/div><div id=\"pgc-4308-0-2\"  class=\"panel-grid-cell panel-grid-cell-mobile-last\" ><div id=\"panel-4308-0-2-0\" class=\"so-panel widget widget_nav_menu panel-first-child panel-last-child\" data-index=\"2\" ><div class=\"panel-widget-style panel-widget-style-for-4308-0-2-0\" ><h3 class=\"widget-title\">En esta secci\u00f3n&#8230;<\/h3><div class=\"menu-actividades-container\"><ul id=\"menu-actividades\" class=\"menu\"><li id=\"menu-item-6324\" class=\"menu-item menu-item-type-post_type menu-item-object-page menu-item-6324\"><a href=\"https:\/\/anuies-tic.anuies.mx\/web\/reconocimientos-anuies-tic\/\">Reconocimientos ANUIES-TIC<\/a><\/li>\n<li id=\"menu-item-6328\" class=\"menu-item menu-item-type-post_type menu-item-object-page menu-item-6328\"><a href=\"https:\/\/anuies-tic.anuies.mx\/web\/encuesta\/\">Encuesta Nacional de las TI en las Instituciones de Educaci\u00f3n Superior en M\u00e9xico<\/a><\/li>\n<li id=\"menu-item-1514\" class=\"menu-item menu-item-type-post_type menu-item-object-page menu-item-1514\"><a href=\"https:\/\/anuies-tic.anuies.mx\/web\/estudios\/\">Estudio del Estado actual de las TI en las IES en M\u00e9xico<\/a><\/li>\n<li id=\"menu-item-1513\" class=\"menu-item menu-item-type-post_type menu-item-object-page menu-item-1513\"><a href=\"https:\/\/anuies-tic.anuies.mx\/web\/encuentro\/\">Encuentro ANUIES-TIC<\/a><\/li>\n<li id=\"menu-item-6329\" class=\"menu-item menu-item-type-post_type menu-item-object-page menu-item-6329\"><a href=\"https:\/\/anuies-tic.anuies.mx\/web\/implementacion-de-la-estrategia-nacional-de-ciberseguridad\/\">Implementaci\u00f3n de la Estrategia Nacional de Ciberseguridad<\/a><\/li>\n<li id=\"menu-item-7190\" class=\"menu-item menu-item-type-post_type menu-item-object-page menu-item-7190\"><a href=\"https:\/\/anuies-tic.anuies.mx\/web\/encuesta-de-continuidad-academica\/\">Encuesta de continuidad acad\u00e9mica en las IES durante la contingencia por COVID-19<\/a><\/li>\n<\/ul><\/div><\/div><\/div><\/div><div id=\"pgc-4308-0-3\"  class=\"panel-grid-cell panel-grid-cell-empty\" ><\/div><\/div><\/div><\/div>","protected":false},"excerpt":{"rendered":"<p>Acciones Relevantes \u00a0 Presentaci\u00f3n de la implementaci\u00f3n de la Estrategia Nacional de Ciberseguridad. \u00a0 Presentaci\u00f3n de la Subcomisi\u00f3n de Ciberseguridad. \u00a0 Propuesta desde la perspectiva de las Instituciones de Educaci\u00f3n Superior a trav\u00e9s de una Comisi\u00f3n Especial del Comit\u00e9 ANUIES-TIC para la captaci\u00f3n de talentos, formaci\u00f3n de capital humano y promoci\u00f3n del trabajo colaborativo entre [&hellip;]<\/p>\n","protected":false},"author":1,"featured_media":0,"parent":0,"menu_order":0,"comment_status":"closed","ping_status":"closed","template":"page-templates\/page_fullwidth.php","meta":{"_mc_calendar":[],"footnotes":""},"class_list":["post-4308","page","type-page","status-publish","hentry","post"],"rttpg_featured_image_url":null,"rttpg_author":{"display_name":"ctrlweb","author_link":"https:\/\/anuies-tic.anuies.mx\/web\/author\/ctrldcsctrlweb\/"},"rttpg_comment":0,"rttpg_category":null,"rttpg_excerpt":"Acciones Relevantes \u00a0 Presentaci\u00f3n de la implementaci\u00f3n de la Estrategia Nacional de Ciberseguridad. \u00a0 Presentaci\u00f3n de la Subcomisi\u00f3n de Ciberseguridad. \u00a0 Propuesta desde la perspectiva de las Instituciones de Educaci\u00f3n Superior a trav\u00e9s de una Comisi\u00f3n Especial del Comit\u00e9 ANUIES-TIC para la captaci\u00f3n de talentos, formaci\u00f3n de capital humano y promoci\u00f3n del trabajo colaborativo entre&hellip;","_links":{"self":[{"href":"https:\/\/anuies-tic.anuies.mx\/web\/wp-json\/wp\/v2\/pages\/4308","targetHints":{"allow":["GET"]}}],"collection":[{"href":"https:\/\/anuies-tic.anuies.mx\/web\/wp-json\/wp\/v2\/pages"}],"about":[{"href":"https:\/\/anuies-tic.anuies.mx\/web\/wp-json\/wp\/v2\/types\/page"}],"author":[{"embeddable":true,"href":"https:\/\/anuies-tic.anuies.mx\/web\/wp-json\/wp\/v2\/users\/1"}],"replies":[{"embeddable":true,"href":"https:\/\/anuies-tic.anuies.mx\/web\/wp-json\/wp\/v2\/comments?post=4308"}],"version-history":[{"count":35,"href":"https:\/\/anuies-tic.anuies.mx\/web\/wp-json\/wp\/v2\/pages\/4308\/revisions"}],"predecessor-version":[{"id":6496,"href":"https:\/\/anuies-tic.anuies.mx\/web\/wp-json\/wp\/v2\/pages\/4308\/revisions\/6496"}],"wp:attachment":[{"href":"https:\/\/anuies-tic.anuies.mx\/web\/wp-json\/wp\/v2\/media?parent=4308"}],"curies":[{"name":"wp","href":"https:\/\/api.w.org\/{rel}","templated":true}]}}