{"id":8028,"date":"2021-07-02T10:36:52","date_gmt":"2021-07-02T16:36:52","guid":{"rendered":"https:\/\/anuies-tic.anuies.mx\/web\/?page_id=8028"},"modified":"2021-08-26T14:15:31","modified_gmt":"2021-08-26T20:15:31","slug":"quienes-integran-la-red-de-mujeres-en-tic","status":"publish","type":"page","link":"https:\/\/anuies-tic.anuies.mx\/web\/quienes-integran-la-red-de-mujeres-en-tic\/","title":{"rendered":"\u00bfQui\u00e9nes integran la Red de Mujeres en TIC?"},"content":{"rendered":"<div id=\"pl-8028\"  class=\"panel-layout\" ><div id=\"pg-8028-0\"  class=\"panel-grid panel-no-style\" ><div id=\"pgc-8028-0-0\"  class=\"panel-grid-cell\" ><div id=\"panel-8028-0-0-0\" class=\"so-panel widget widget_nav_menu panel-first-child panel-last-child\" data-index=\"0\" ><h3 class=\"widget-title\">Conoce m\u00e1s&#8230;<\/h3><div class=\"menu-red-de-mujeres-container\"><ul id=\"menu-red-de-mujeres\" class=\"menu\"><li id=\"menu-item-8000\" class=\"menu-item menu-item-type-custom menu-item-object-custom menu-item-8000\"><a href=\"https:\/\/anuies-tic.anuies.mx\/web\/red-de-mujeres-antecedentes\/\">Antecedentes de la Red de Mujeres en TIC<\/a><\/li>\n<li id=\"menu-item-8003\" class=\"menu-item menu-item-type-custom menu-item-object-custom menu-item-8003\"><a href=\"https:\/\/anuies-tic.anuies.mx\/web\/objetivo-de-la-red-de-mujeres-en-tic\/\">Objetivo de la Red de Mujeres en TIC<\/a><\/li>\n<li id=\"menu-item-8020\" class=\"menu-item menu-item-type-custom menu-item-object-custom menu-item-8020\"><a href=\"https:\/\/anuies-tic.anuies.mx\/web\/estrategias-de-la-red-de-mujeres-en-tic\/\">Estrategias de la Red de Mujeres en TIC<\/a><\/li>\n<li id=\"menu-item-8030\" class=\"menu-item menu-item-type-custom menu-item-object-custom menu-item-8030\"><a href=\"https:\/\/anuies-tic.anuies.mx\/web\/quienes-integran-la-red-de-mujeres-en-tic\/\">\u00bfQui\u00e9nes integran la Red de Mujeres en TIC?<\/a><\/li>\n<li id=\"menu-item-8037\" class=\"menu-item menu-item-type-custom menu-item-object-custom menu-item-8037\"><a href=\"https:\/\/anuies-tic.anuies.mx\/web\/organizaciones-aliadas-a-la-red-de-mujeres-en-tic\/\">Instituciones y organizaciones aliadas<\/a><\/li>\n<li id=\"menu-item-8047\" class=\"menu-item menu-item-type-custom menu-item-object-custom menu-item-8047\"><a href=\"https:\/\/anuies-tic.anuies.mx\/web\/quieres-ser-parte-de-la-red-de-mujeres-en-tic\/\">\u00bfQuieres ser parte de la Red de Mujeres en TIC?<\/a><\/li>\n<li id=\"menu-item-8051\" class=\"menu-item menu-item-type-custom menu-item-object-custom menu-item-8051\"><a href=\"https:\/\/anuies-tic.anuies.mx\/web\/contacto-con-la-red-de-mujeres-en-tic\/\">Contacto directo<\/a><\/li>\n<\/ul><\/div><\/div><\/div><div id=\"pgc-8028-0-1\"  class=\"panel-grid-cell\" ><div id=\"panel-8028-0-1-0\" class=\"so-panel widget widget_sow-editor panel-first-child\" data-index=\"1\" ><div\n\t\t\t\n\t\t\tclass=\"so-widget-sow-editor so-widget-sow-editor-base\"\n\t\t\t\n\t\t>\n<div class=\"siteorigin-widget-tinymce textwidget\">\n\t<div class=\"materializer\">\n<div class=\"card  center-text\">\n<div class=\"card-content\">\n                    <span class=\"card-title black-text\"><br \/>\n                                            <\/span><\/p>\n<p><img loading=\"lazy\" decoding=\"async\" class=\"aligncenter wp-image-6568\" src=\"https:\/\/anuies-tic.anuies.mx\/web\/wp-content\/uploads\/2020\/01\/mujer.png\" alt=\"\" width=\"62\" height=\"72\" \/><\/p>\n<p style=\"text-align: center;\"><strong><span style=\"font-size: 14pt; color: #800000;\">Coordinadora<\/span><\/strong><\/p>\n<p style=\"text-align: center;\"><span style=\"font-size: 14pt;\"><strong>Mtra. Erika S\u00e1nchez Chabl\u00e9<\/strong>, Universidad Aut\u00f3noma del Carmen.<\/span><\/p>\n<\/p><\/div>\n<\/p><\/div>\n<\/p><\/div><\/p>\n<\/div>\n<\/div><\/div><div id=\"panel-8028-0-1-1\" class=\"so-panel widget widget_sow-editor\" data-index=\"2\" ><div\n\t\t\t\n\t\t\tclass=\"so-widget-sow-editor so-widget-sow-editor-base\"\n\t\t\t\n\t\t>\n<div class=\"siteorigin-widget-tinymce textwidget\">\n\t<p><span style=\"font-size: 14pt;\">          <\/p>\n<div class=\"materializer\">\n<div class=\"card  center-text\">\n<div class=\"card-content\">\n                    <span class=\"card-title black-text\"><br \/>\n                                            <\/span><\/p>\n<p>\n                        <\/span><\/p>\n<p><img loading=\"lazy\" decoding=\"async\" class=\"aligncenter wp-image-6568\" src=\"https:\/\/anuies-tic.anuies.mx\/web\/wp-content\/uploads\/2020\/01\/mujer.png\" alt=\"\" width=\"62\" height=\"72\" \/><\/p>\n<p style=\"text-align: center;\"><span style=\"font-size: 14pt;\"><span style=\"font-size: 14pt; color: #800000;\"><strong>Secretar\u00eda T\u00e9cnica<\/strong><\/span><\/span><\/p>\n<p style=\"text-align: center;\"><span style=\"font-size: 14pt;\"><strong>LI. Ang\u00e9lica G\u00f3mez Morales, <\/strong>Universidad Aut\u00f3noma del Carmen.<\/span><\/p>\n<p style=\"text-align: center;\"><span style=\"font-size: 14pt;\"><strong>LCI. Lilia Mariamia Alejandra Venegas Hern\u00e1ndez<\/strong>, Asociaci\u00f3n Nacional de Universidades e Instituciones de Educaci\u00f3n Superior.<\/span><\/p>\n<\/p><\/div>\n<\/p><\/div>\n<\/p><\/div><\/p>\n<\/div>\n<\/div><\/div><div id=\"panel-8028-0-1-2\" class=\"so-panel widget widget_sow-editor\" data-index=\"3\" ><div\n\t\t\t\n\t\t\tclass=\"so-widget-sow-editor so-widget-sow-editor-base\"\n\t\t\t\n\t\t>\n<div class=\"siteorigin-widget-tinymce textwidget\">\n\t<p style=\"text-align: left;\"><span style=\"font-size: 14pt;\"><span style=\"font-size: 14pt;\">          <\/p>\n<div class=\"materializer\">\n<div class=\"card  center-text\">\n<div class=\"card-content\">\n                    <span class=\"card-title black-text\"><br \/>\n                                            <\/span><\/p>\n<p>\n                        <\/span><\/span><\/p>\n<p style=\"text-align: center;\"><span style=\"color: #800000;\"><strong><span style=\"font-size: 14pt;\"><img loading=\"lazy\" decoding=\"async\" class=\"aligncenter wp-image-6568\" src=\"https:\/\/anuies-tic.anuies.mx\/web\/wp-content\/uploads\/2020\/01\/mujer.png\" alt=\"\" width=\"62\" height=\"72\" \/><\/span><\/strong><\/span><\/p>\n<p style=\"text-align: center;\"><span style=\"color: #800000;\"><strong><span style=\"font-size: 14pt;\">Vocales<\/span><\/strong><\/span><\/p>\n<p style=\"text-align: center;\"><span style=\"font-size: 14pt;\"><strong>Mtra. Mar\u00eda Guadalupe Cid Escobedo<\/strong>, Universidad de Guadalajara.<\/span><\/p>\n<p style=\"text-align: center;\"><span style=\"font-size: 14pt;\"><strong>Dra. Alejandra Herrera Mendoza<\/strong>, Universidad Iberoamericana.<\/span><\/p>\n<p style=\"text-align: center;\"><span style=\"font-size: 14pt;\"><strong>Mtra. Salma Leticia Jalife Villal\u00f3n<\/strong>, presidenta del Centro M\u00e9xico Digital.<\/span><\/p>\n<p style=\"text-align: center;\"><span style=\"font-size: 14pt;\"><strong>Mtra. Carmen D\u00edaz Novelo<\/strong>, Universidad Aut\u00f3noma de Yucat\u00e1n.<\/span><\/p>\n<p style=\"text-align: center;\"><span style=\"font-size: 14pt;\"><strong>Mtra. Mar\u00eda del Carmen Denis Polanco<\/strong>, Universidad Aut\u00f3noma de Yucat\u00e1n.<\/span><\/p>\n<p style=\"text-align: center;\"><span style=\"font-size: 14pt;\"><strong>Mtra. Beatriz Veliz Plascencia<\/strong>, Universidad de Guadalajara.<\/span><\/p>\n<p style=\"text-align: center;\"><span style=\"font-size: 14pt;\"><strong>Mtra. Teresa Margarita Rodr\u00edguez Jim\u00e9nez<\/strong>, INFOTEC | Centro de Investigaci\u00f3n e Innovaci\u00f3n en TIC.<\/span><\/p>\n<p style=\"text-align: center;\"><span style=\"font-size: 14pt;\"><strong>Mtra. Carmen Mar\u00eda S\u00e1nchez Cort\u00e9s<\/strong>, Universidad Aut\u00f3noma del Carmen.<\/span><\/p>\n<\/p><\/div>\n<\/p><\/div>\n<\/p><\/div><\/p>\n<\/div>\n<\/div><\/div><div id=\"panel-8028-0-1-3\" class=\"so-panel widget widget_sow-editor panel-last-child\" data-index=\"4\" ><div\n\t\t\t\n\t\t\tclass=\"so-widget-sow-editor so-widget-sow-editor-base\"\n\t\t\t\n\t\t>\n<div class=\"siteorigin-widget-tinymce textwidget\">\n\t<p><span style=\"font-size: 14pt;\">          <\/p>\n<div class=\"materializer\">\n<div class=\"card  center-text\">\n<div class=\"card-content\">\n                    <span class=\"card-title black-text\"><br \/>\n                                            <\/span><\/p>\n<p>\n                        <\/span><\/p>\n<p><img loading=\"lazy\" decoding=\"async\" class=\"aligncenter wp-image-6568\" src=\"https:\/\/anuies-tic.anuies.mx\/web\/wp-content\/uploads\/2020\/01\/mujer.png\" alt=\"\" width=\"62\" height=\"72\" \/><\/p>\n<p style=\"text-align: center;\"><span style=\"color: #800000; font-size: 14pt;\"><strong>Colaboradoras<\/strong><\/span><\/p>\n<p style=\"text-align: center;\"><span style=\"font-size: 14pt;\"><strong>Mtra. Eunice Alejandra P\u00e9rez Coello<\/strong>, TecNM Campus M\u00e9rida.<\/span><\/p>\n<p style=\"text-align: center;\"><span style=\"font-size: 14pt;\"><strong>Dra. Betty L\u00f3pez Zapata<\/strong>,\u00a0consultora independiente.\u00a0<\/span><\/p>\n<p style=\"text-align: center;\"><span style=\"font-size: 14pt;\"><strong>Lic. Mar\u00eda Rosa Araiza Flores<\/strong>, Movimiento STEAM.\u00a0<\/span><\/p>\n<p style=\"text-align: center;\"><span style=\"font-size: 14pt;\"><strong>Ing. Gabriela Garay\u00a0Romero<\/strong>, Presidenta Secci\u00f3n IEEE Honduras.<\/span><\/p>\n<p style=\"text-align: center;\"><span style=\"font-size: 14pt;\"><strong>Melissa<\/strong><\/span><\/p>\n<\/p><\/div>\n<\/p><\/div>\n<\/p><\/div><\/p>\n<\/div>\n<\/div><\/div><\/div><\/div><\/div>","protected":false},"excerpt":{"rendered":"<p>Conoce m\u00e1s&#8230;Antecedentes de la Red de Mujeres en TIC Objetivo de la Red de Mujeres en TIC Estrategias de la Red de Mujeres en TIC \u00bfQui\u00e9nes integran la Red de Mujeres en TIC? Instituciones y organizaciones aliadas \u00bfQuieres ser parte de la Red de Mujeres en TIC? Contacto directo Coordinadora Mtra. Erika S\u00e1nchez Chabl\u00e9, Universidad [&hellip;]<\/p>\n","protected":false},"author":1,"featured_media":0,"parent":0,"menu_order":0,"comment_status":"closed","ping_status":"closed","template":"","meta":{"_mc_calendar":[],"footnotes":""},"class_list":["post-8028","page","type-page","status-publish","hentry","post"],"rttpg_featured_image_url":null,"rttpg_author":{"display_name":"ctrlweb","author_link":"https:\/\/anuies-tic.anuies.mx\/web\/author\/ctrldcsctrlweb\/"},"rttpg_comment":0,"rttpg_category":null,"rttpg_excerpt":"Conoce m\u00e1s&#8230;Antecedentes de la Red de Mujeres en TIC Objetivo de la Red de Mujeres en TIC Estrategias de la Red de Mujeres en TIC \u00bfQui\u00e9nes integran la Red de Mujeres en TIC? Instituciones y organizaciones aliadas \u00bfQuieres ser parte de la Red de Mujeres en TIC? Contacto directo Coordinadora Mtra. Erika S\u00e1nchez Chabl\u00e9, Universidad&hellip;","_links":{"self":[{"href":"https:\/\/anuies-tic.anuies.mx\/web\/wp-json\/wp\/v2\/pages\/8028","targetHints":{"allow":["GET"]}}],"collection":[{"href":"https:\/\/anuies-tic.anuies.mx\/web\/wp-json\/wp\/v2\/pages"}],"about":[{"href":"https:\/\/anuies-tic.anuies.mx\/web\/wp-json\/wp\/v2\/types\/page"}],"author":[{"embeddable":true,"href":"https:\/\/anuies-tic.anuies.mx\/web\/wp-json\/wp\/v2\/users\/1"}],"replies":[{"embeddable":true,"href":"https:\/\/anuies-tic.anuies.mx\/web\/wp-json\/wp\/v2\/comments?post=8028"}],"version-history":[{"count":29,"href":"https:\/\/anuies-tic.anuies.mx\/web\/wp-json\/wp\/v2\/pages\/8028\/revisions"}],"predecessor-version":[{"id":8263,"href":"https:\/\/anuies-tic.anuies.mx\/web\/wp-json\/wp\/v2\/pages\/8028\/revisions\/8263"}],"wp:attachment":[{"href":"https:\/\/anuies-tic.anuies.mx\/web\/wp-json\/wp\/v2\/media?parent=8028"}],"curies":[{"name":"wp","href":"https:\/\/api.w.org\/{rel}","templated":true}]}}