{"id":9261,"date":"2022-11-04T15:12:12","date_gmt":"2022-11-04T21:12:12","guid":{"rendered":"https:\/\/anuies-tic.anuies.mx\/web\/?page_id=9261"},"modified":"2022-11-04T15:12:24","modified_gmt":"2022-11-04T21:12:24","slug":"webinar-gestion-de-riesgos-de-ciberseguridad-para-instituciones-educativas","status":"publish","type":"page","link":"https:\/\/anuies-tic.anuies.mx\/web\/webinar-gestion-de-riesgos-de-ciberseguridad-para-instituciones-educativas\/","title":{"rendered":"Webinar: Gesti\u00f3n de riesgos de ciberseguridad para instituciones educativas"},"content":{"rendered":"<p>El Comit\u00e9\u00a0<strong>ANUIES-TIC,<\/strong>\u00a0a trav\u00e9s del Grupo de Seguridad de la Informaci\u00f3n te invitan a participar en el seminario web:<\/p>\n<p><strong>\u00abGesti\u00f3n de riesgos de ciberseguridad para instituciones educativas\u00bb<\/strong><\/p>\n<p><strong>Ponente\u00a0invitado:<\/strong><\/p>\n<p><strong>Mtro. Pablo Corona Fraga,\u00a0<\/strong><span lang=\"ES-MX\">Director de desarrollo de negocios en Normalizaci\u00f3n y Certificaci\u00f3n NYCE, S.C.<\/span><\/p>\n<p><b>D\u00eda:<\/b>\u00a0mi\u00e9rcoles 09 de noviembre\u00a0de 2022.<\/p>\n<p><b>Hora:<\/b>\u00a017:00 horas (CDMX).<\/p>\n\n","protected":false},"excerpt":{"rendered":"<p>El Comit\u00e9\u00a0ANUIES-TIC,\u00a0a trav\u00e9s del Grupo de Seguridad de la Informaci\u00f3n te invitan a participar en el seminario web: \u00abGesti\u00f3n de riesgos de ciberseguridad para instituciones educativas\u00bb Ponente\u00a0invitado: Mtro. Pablo Corona Fraga,\u00a0Director de desarrollo de negocios en Normalizaci\u00f3n y Certificaci\u00f3n NYCE, S.C. D\u00eda:\u00a0mi\u00e9rcoles 09 de noviembre\u00a0de 2022. Hora:\u00a017:00 horas (CDMX).<\/p>\n","protected":false},"author":1,"featured_media":0,"parent":0,"menu_order":0,"comment_status":"closed","ping_status":"closed","template":"","meta":{"_mc_calendar":[],"footnotes":""},"class_list":["post-9261","page","type-page","status-publish","hentry","post"],"rttpg_featured_image_url":null,"rttpg_author":{"display_name":"ctrlweb","author_link":"https:\/\/anuies-tic.anuies.mx\/web\/author\/ctrldcsctrlweb\/"},"rttpg_comment":0,"rttpg_category":null,"rttpg_excerpt":"El Comit\u00e9\u00a0ANUIES-TIC,\u00a0a trav\u00e9s del Grupo de Seguridad de la Informaci\u00f3n te invitan a participar en el seminario web: \u00abGesti\u00f3n de riesgos de ciberseguridad para instituciones educativas\u00bb Ponente\u00a0invitado: Mtro. Pablo Corona Fraga,\u00a0Director de desarrollo de negocios en Normalizaci\u00f3n y Certificaci\u00f3n NYCE, S.C. D\u00eda:\u00a0mi\u00e9rcoles 09 de noviembre\u00a0de 2022. Hora:\u00a017:00 horas (CDMX).","_links":{"self":[{"href":"https:\/\/anuies-tic.anuies.mx\/web\/wp-json\/wp\/v2\/pages\/9261","targetHints":{"allow":["GET"]}}],"collection":[{"href":"https:\/\/anuies-tic.anuies.mx\/web\/wp-json\/wp\/v2\/pages"}],"about":[{"href":"https:\/\/anuies-tic.anuies.mx\/web\/wp-json\/wp\/v2\/types\/page"}],"author":[{"embeddable":true,"href":"https:\/\/anuies-tic.anuies.mx\/web\/wp-json\/wp\/v2\/users\/1"}],"replies":[{"embeddable":true,"href":"https:\/\/anuies-tic.anuies.mx\/web\/wp-json\/wp\/v2\/comments?post=9261"}],"version-history":[{"count":3,"href":"https:\/\/anuies-tic.anuies.mx\/web\/wp-json\/wp\/v2\/pages\/9261\/revisions"}],"predecessor-version":[{"id":9266,"href":"https:\/\/anuies-tic.anuies.mx\/web\/wp-json\/wp\/v2\/pages\/9261\/revisions\/9266"}],"wp:attachment":[{"href":"https:\/\/anuies-tic.anuies.mx\/web\/wp-json\/wp\/v2\/media?parent=9261"}],"curies":[{"name":"wp","href":"https:\/\/api.w.org\/{rel}","templated":true}]}}