{"id":9295,"date":"2022-11-17T15:30:25","date_gmt":"2022-11-17T21:30:25","guid":{"rendered":"https:\/\/anuies-tic.anuies.mx\/web\/?page_id=9295"},"modified":"2025-03-18T12:45:24","modified_gmt":"2025-03-18T18:45:24","slug":"ganadores-reconocimientos-anuies-tic-2022","status":"publish","type":"page","link":"https:\/\/anuies-tic.anuies.mx\/web\/ganadores-reconocimientos-anuies-tic-2022\/","title":{"rendered":"Ganadores Reconocimientos ANUIES-TIC 2022"},"content":{"rendered":"<div id=\"pl-9295\"  class=\"panel-layout\" ><div id=\"pg-9295-0\"  class=\"panel-grid panel-no-style\" ><div id=\"pgc-9295-0-0\"  class=\"panel-grid-cell\" ><div id=\"panel-9295-0-0-0\" class=\"so-panel widget widget_sow-editor panel-first-child panel-last-child\" data-index=\"0\" ><div\n\t\t\t\n\t\t\tclass=\"so-widget-sow-editor so-widget-sow-editor-base\"\n\t\t\t\n\t\t>\n<div class=\"siteorigin-widget-tinymce textwidget\">\n\t<h3 style=\"text-align: center;\"><strong>Categor\u00eda: Innovaci\u00f3n de la gesti\u00f3n mediante las TIC<\/strong><\/h3>\n<hr \/>\n<\/div>\n<\/div><\/div><\/div><\/div><div id=\"pg-9295-1\"  class=\"panel-grid panel-has-style\" ><div class=\"panel-row-style panel-row-style-for-9295-1\" ><div id=\"pgc-9295-1-0\"  class=\"panel-grid-cell\" ><div id=\"panel-9295-1-0-0\" class=\"so-panel widget widget_sow-editor panel-first-child panel-last-child\" data-index=\"1\" ><div\n\t\t\t\n\t\t\tclass=\"so-widget-sow-editor so-widget-sow-editor-base\"\n\t\t\t\n\t\t>\n<div class=\"siteorigin-widget-tinymce textwidget\">\n\t<div class=\"pt-cv-wrapper\">\n<div class=\"pt-cv-view pt-cv-grid pt-cv-colsys\" id=\"pt-cv-view-b09bc76gtn\">\n<div data-id=\"pt-cv-page-1\" class=\"pt-cv-page\" data-cvc=\"3\">\n<div class=\"col-md-4 col-sm-6 col-xs-12 pt-cv-content-item pt-cv-1-col\" >\n<div class='pt-cv-ifield'><a href=\"https:\/\/anuies-tic.anuies.mx\/web\/oficina-virtual-tramites-en-linea-para-estudiantes-de-la-uagro\/\" class=\"_self pt-cv-href-thumbnail pt-cv-thumb-default\" target=\"_self\" ><img loading=\"lazy\" decoding=\"async\" width=\"272\" height=\"182\" src=\"https:\/\/anuies-tic.anuies.mx\/web\/wp-content\/uploads\/2022\/12\/uagro-272x182.png\" class=\"pt-cv-thumbnail\" alt=\"\" \/><\/a><\/p>\n<h4 class=\"pt-cv-title\"><a href=\"https:\/\/anuies-tic.anuies.mx\/web\/oficina-virtual-tramites-en-linea-para-estudiantes-de-la-uagro\/\" class=\"_self\" target=\"_self\" >Oficina Virtual: Tr\u00e1mites en L\u00ednea para estudiantes de la  UAGro<\/a><\/h4>\n<\/div>\n<\/div>\n<div class=\"col-md-4 col-sm-6 col-xs-12 pt-cv-content-item pt-cv-1-col\" >\n<div class='pt-cv-ifield'><a href=\"https:\/\/anuies-tic.anuies.mx\/web\/tablero-de-indicadores-de-desempeno-institucional-sed\/\" class=\"_self pt-cv-href-thumbnail pt-cv-thumb-default\" target=\"_self\" ><img loading=\"lazy\" decoding=\"async\" width=\"272\" height=\"182\" src=\"https:\/\/anuies-tic.anuies.mx\/web\/wp-content\/uploads\/2022\/12\/tableroSED-272x182.png\" class=\"pt-cv-thumbnail\" alt=\"\" \/><\/a><\/p>\n<h4 class=\"pt-cv-title\"><a href=\"https:\/\/anuies-tic.anuies.mx\/web\/tablero-de-indicadores-de-desempeno-institucional-sed\/\" class=\"_self\" target=\"_self\" >Tablero de Indicadores de Desempe\u00f1o Institucional SED<\/a><\/h4>\n<\/div>\n<\/div>\n<div class=\"col-md-4 col-sm-6 col-xs-12 pt-cv-content-item pt-cv-1-col\" >\n<div class='pt-cv-ifield'><a href=\"https:\/\/anuies-tic.anuies.mx\/web\/sistema-de-estadisticas-del-aula-virtual\/\" class=\"_self pt-cv-href-thumbnail pt-cv-thumb-default\" target=\"_self\" ><img loading=\"lazy\" decoding=\"async\" width=\"272\" height=\"166\" src=\"https:\/\/anuies-tic.anuies.mx\/web\/wp-content\/uploads\/2022\/12\/Py_232_31052022153355-272x166.png\" class=\"pt-cv-thumbnail\" alt=\"\" \/><\/a><\/p>\n<h4 class=\"pt-cv-title\"><a href=\"https:\/\/anuies-tic.anuies.mx\/web\/sistema-de-estadisticas-del-aula-virtual\/\" class=\"_self\" target=\"_self\" >Sistema de Estad\u00edsticas del Aula Virtual<\/a><\/h4>\n<\/div>\n<\/div>\n<div class=\"col-md-4 col-sm-6 col-xs-12 pt-cv-content-item pt-cv-1-col\" >\n<div class='pt-cv-ifield'><a href=\"https:\/\/anuies-tic.anuies.mx\/web\/matriz-de-indicadores-de-resultados-unacar\/\" class=\"_self pt-cv-href-thumbnail pt-cv-thumb-default\" target=\"_self\" ><img loading=\"lazy\" decoding=\"async\" width=\"233\" height=\"182\" src=\"https:\/\/anuies-tic.anuies.mx\/web\/wp-content\/uploads\/2022\/12\/matriz_indicadores-233x182.png\" class=\"pt-cv-thumbnail\" alt=\"\" \/><\/a><\/p>\n<h4 class=\"pt-cv-title\"><a href=\"https:\/\/anuies-tic.anuies.mx\/web\/matriz-de-indicadores-de-resultados-unacar\/\" class=\"_self\" target=\"_self\" >Matriz de Indicadores de Resultados y su impacto en el mejoramiento de la gesti\u00f3n presupuestal y la planificaci\u00f3n institucional: caso UNACAR.<\/a><\/h4>\n<\/div>\n<\/div>\n<div class=\"col-md-4 col-sm-6 col-xs-12 pt-cv-content-item pt-cv-1-col\" >\n<div class='pt-cv-ifield'><a href=\"https:\/\/anuies-tic.anuies.mx\/web\/integra-plataforma-tecnologica-de-la-direccion-general-de-orientacion-y-atencion-educativa-dgoae\/\" class=\"_self pt-cv-href-thumbnail pt-cv-thumb-default\" target=\"_self\" ><img loading=\"lazy\" decoding=\"async\" width=\"211\" height=\"182\" src=\"https:\/\/anuies-tic.anuies.mx\/web\/wp-content\/uploads\/2022\/11\/integra-211x182.png\" class=\"pt-cv-thumbnail\" alt=\"\" \/><\/a><\/p>\n<h4 class=\"pt-cv-title\"><a href=\"https:\/\/anuies-tic.anuies.mx\/web\/integra-plataforma-tecnologica-de-la-direccion-general-de-orientacion-y-atencion-educativa-dgoae\/\" class=\"_self\" target=\"_self\" >Integra &#8211; Plataforma Tecnol\u00f3gica de la Direcci\u00f3n General de Orientaci\u00f3n y Atenci\u00f3n Educativa (DGOAE), para operar todas las modalidades de beca, que se ofrecen a la comunidad UNAM.<\/a><\/h4>\n<\/div>\n<\/div>\n<\/div>\n<\/div>\n<\/div>\n<\/div>\n<\/div><\/div><\/div><\/div><\/div><div id=\"pg-9295-2\"  class=\"panel-grid panel-no-style\" ><div id=\"pgc-9295-2-0\"  class=\"panel-grid-cell\" ><div id=\"panel-9295-2-0-0\" class=\"so-panel widget widget_sow-editor panel-first-child panel-last-child\" data-index=\"2\" ><div\n\t\t\t\n\t\t\tclass=\"so-widget-sow-editor so-widget-sow-editor-base\"\n\t\t\t\n\t\t>\n<div class=\"siteorigin-widget-tinymce textwidget\">\n\t<h3 style=\"text-align: center;\"><strong>Transformaci\u00f3n de las pr\u00e1cticas educativas mediante las TIC<\/strong><\/h3>\n<hr \/>\n<h3 style=\"text-align: center;\"><\/h3>\n<\/div>\n<\/div><\/div><\/div><\/div><div id=\"pg-9295-3\"  class=\"panel-grid panel-has-style\" ><div class=\"panel-row-style panel-row-style-for-9295-3\" ><div id=\"pgc-9295-3-0\"  class=\"panel-grid-cell\" ><div id=\"panel-9295-3-0-0\" class=\"so-panel widget widget_sow-editor panel-first-child panel-last-child\" data-index=\"3\" ><div\n\t\t\t\n\t\t\tclass=\"so-widget-sow-editor so-widget-sow-editor-base\"\n\t\t\t\n\t\t>\n<div class=\"siteorigin-widget-tinymce textwidget\">\n\t<div class=\"pt-cv-wrapper\">\n<div class=\"pt-cv-view pt-cv-grid pt-cv-colsys\" id=\"pt-cv-view-9f064a9pre\">\n<div data-id=\"pt-cv-page-1\" class=\"pt-cv-page\" data-cvc=\"3\">\n<div class=\"col-md-4 col-sm-6 col-xs-12 pt-cv-content-item pt-cv-1-col\" >\n<div class='pt-cv-ifield'><a href=\"https:\/\/anuies-tic.anuies.mx\/web\/unidades-de-aprendizaje-transversales-multimodales\/\" class=\"_self pt-cv-href-thumbnail pt-cv-thumb-default\" target=\"_self\" ><img loading=\"lazy\" decoding=\"async\" width=\"272\" height=\"182\" src=\"https:\/\/anuies-tic.anuies.mx\/web\/wp-content\/uploads\/2022\/12\/Py_-1_30052022142505-272x182.png\" class=\"pt-cv-thumbnail\" alt=\"\" \/><\/a><\/p>\n<h4 class=\"pt-cv-title\"><a href=\"https:\/\/anuies-tic.anuies.mx\/web\/unidades-de-aprendizaje-transversales-multimodales\/\" class=\"_self\" target=\"_self\" >Unidades de Aprendizaje Transversales Multimodales<\/a><\/h4>\n<\/div>\n<\/div>\n<div class=\"col-md-4 col-sm-6 col-xs-12 pt-cv-content-item pt-cv-1-col\" >\n<div class='pt-cv-ifield'><a href=\"https:\/\/anuies-tic.anuies.mx\/web\/app-asiste-seguro-aseguramiento-de-accesos-y-seguimiento-de-casos-sospechosos-covid-19\/\" class=\"_self pt-cv-href-thumbnail pt-cv-thumb-default\" target=\"_self\" ><img loading=\"lazy\" decoding=\"async\" width=\"272\" height=\"182\" src=\"https:\/\/anuies-tic.anuies.mx\/web\/wp-content\/uploads\/2022\/12\/Py_-1_28042022175743-272x182.png\" class=\"pt-cv-thumbnail\" alt=\"\" srcset=\"https:\/\/anuies-tic.anuies.mx\/web\/wp-content\/uploads\/2022\/12\/Py_-1_28042022175743-272x182.png 272w, https:\/\/anuies-tic.anuies.mx\/web\/wp-content\/uploads\/2022\/12\/Py_-1_28042022175743-600x400.png 600w\" sizes=\"auto, (max-width: 272px) 100vw, 272px\" \/><\/a><\/p>\n<h4 class=\"pt-cv-title\"><a href=\"https:\/\/anuies-tic.anuies.mx\/web\/app-asiste-seguro-aseguramiento-de-accesos-y-seguimiento-de-casos-sospechosos-covid-19\/\" class=\"_self\" target=\"_self\" >App Asiste Seguro- Aseguramiento de Accesos y Seguimiento de casos sospechosos COVID-19<\/a><\/h4>\n<\/div>\n<\/div>\n<\/div>\n<\/div>\n<\/div>\n<\/div>\n<\/div><\/div><\/div><\/div><\/div><div id=\"pg-9295-4\"  class=\"panel-grid panel-no-style\" ><div id=\"pgc-9295-4-0\"  class=\"panel-grid-cell\" ><div id=\"panel-9295-4-0-0\" class=\"so-panel widget widget_sow-editor panel-first-child panel-last-child\" data-index=\"4\" ><div\n\t\t\t\n\t\t\tclass=\"so-widget-sow-editor so-widget-sow-editor-base\"\n\t\t\t\n\t\t>\n<div class=\"siteorigin-widget-tinymce textwidget\">\n\t<h3 style=\"text-align: center;\"><strong>Las TIC en la responsabilidad social<\/strong><\/h3>\n<hr \/>\n<\/div>\n<\/div><\/div><\/div><\/div><div id=\"pg-9295-5\"  class=\"panel-grid panel-has-style\" ><div class=\"panel-row-style panel-row-style-for-9295-5\" ><div id=\"pgc-9295-5-0\"  class=\"panel-grid-cell\" ><div id=\"panel-9295-5-0-0\" class=\"so-panel widget widget_sow-editor panel-first-child panel-last-child\" data-index=\"5\" ><div\n\t\t\t\n\t\t\tclass=\"so-widget-sow-editor so-widget-sow-editor-base\"\n\t\t\t\n\t\t>\n<div class=\"siteorigin-widget-tinymce textwidget\">\n\t<div class=\"pt-cv-wrapper\">\n<div class=\"pt-cv-view pt-cv-grid pt-cv-colsys\" id=\"pt-cv-view-75c9d2dzcp\">\n<div data-id=\"pt-cv-page-1\" class=\"pt-cv-page\" data-cvc=\"3\">\n<div class=\"col-md-4 col-sm-6 col-xs-12 pt-cv-content-item pt-cv-1-col\" >\n<div class='pt-cv-ifield'><a href=\"https:\/\/anuies-tic.anuies.mx\/web\/innovacion-tecnologica-en-el-proceso-de-atencion-medica-integral-en-los-servicios-de-salud\/\" class=\"_self pt-cv-href-thumbnail pt-cv-thumb-default\" target=\"_self\" ><img loading=\"lazy\" decoding=\"async\" width=\"272\" height=\"182\" src=\"https:\/\/anuies-tic.anuies.mx\/web\/wp-content\/uploads\/2022\/12\/Py_231_31052022144552-272x182.png\" class=\"pt-cv-thumbnail\" alt=\"\" \/><\/a><\/p>\n<h4 class=\"pt-cv-title\"><a href=\"https:\/\/anuies-tic.anuies.mx\/web\/innovacion-tecnologica-en-el-proceso-de-atencion-medica-integral-en-los-servicios-de-salud\/\" class=\"_self\" target=\"_self\" >Innovaci\u00f3n tecnol\u00f3gica en el proceso de atenci\u00f3n m\u00e9dica integral en los servicios de salud de La Universidad De Guanajuato<\/a><\/h4>\n<\/div>\n<\/div>\n<\/div>\n<\/div>\n<\/div>\n<\/div>\n<\/div><\/div><\/div><\/div><\/div><div id=\"pg-9295-6\"  class=\"panel-grid panel-no-style\" ><div id=\"pgc-9295-6-0\"  class=\"panel-grid-cell\" ><div id=\"panel-9295-6-0-0\" class=\"so-panel widget widget_sow-editor panel-first-child panel-last-child\" data-index=\"6\" ><div\n\t\t\t\n\t\t\tclass=\"so-widget-sow-editor so-widget-sow-editor-base\"\n\t\t\t\n\t\t>\n<div class=\"siteorigin-widget-tinymce textwidget\">\n\t<h3 style=\"text-align: center;\"><strong>Redes de colaboraci\u00f3n y vinculaci\u00f3n con la industria en TIC<\/strong><\/h3>\n<hr \/>\n<\/div>\n<\/div><\/div><\/div><\/div><div id=\"pg-9295-7\"  class=\"panel-grid panel-has-style\" ><div class=\"panel-row-style panel-row-style-for-9295-7\" ><div id=\"pgc-9295-7-0\"  class=\"panel-grid-cell\" ><div id=\"panel-9295-7-0-0\" class=\"so-panel widget widget_sow-editor panel-first-child panel-last-child\" data-index=\"7\" ><div\n\t\t\t\n\t\t\tclass=\"so-widget-sow-editor so-widget-sow-editor-base\"\n\t\t\t\n\t\t>\n<div class=\"siteorigin-widget-tinymce textwidget\">\n\t<div class=\"pt-cv-wrapper\">\n<div class=\"pt-cv-view pt-cv-grid pt-cv-colsys\" id=\"pt-cv-view-b2b60ec8jm\">\n<div data-id=\"pt-cv-page-1\" class=\"pt-cv-page\" data-cvc=\"3\">\n<div class=\"col-md-4 col-sm-6 col-xs-12 pt-cv-content-item pt-cv-1-col\" >\n<div class='pt-cv-ifield'><a href=\"https:\/\/anuies-tic.anuies.mx\/web\/mexicanas-del-futuro\/\" class=\"_self pt-cv-href-thumbnail pt-cv-thumb-default\" target=\"_self\" ><img loading=\"lazy\" decoding=\"async\" width=\"272\" height=\"182\" src=\"https:\/\/anuies-tic.anuies.mx\/web\/wp-content\/uploads\/2022\/12\/mexicanasfuturo-272x182.png\" class=\"pt-cv-thumbnail\" alt=\"\" \/><\/a><\/p>\n<h4 class=\"pt-cv-title\"><a href=\"https:\/\/anuies-tic.anuies.mx\/web\/mexicanas-del-futuro\/\" class=\"_self\" target=\"_self\" >Mexicanas del Futuro<\/a><\/h4>\n<\/div>\n<\/div>\n<\/div>\n<\/div>\n<\/div>\n<\/div>\n<\/div><\/div><\/div><\/div><\/div><\/div>","protected":false},"excerpt":{"rendered":"<p>Categor\u00eda: Innovaci\u00f3n de la gesti\u00f3n mediante las TIC<\/p>\n","protected":false},"author":1,"featured_media":0,"parent":0,"menu_order":0,"comment_status":"closed","ping_status":"closed","template":"templates\/template-full.php","meta":{"_mc_calendar":[],"footnotes":""},"class_list":["post-9295","page","type-page","status-publish","hentry","post"],"rttpg_featured_image_url":null,"rttpg_author":{"display_name":"ctrlweb","author_link":"https:\/\/anuies-tic.anuies.mx\/web\/author\/ctrldcsctrlweb\/"},"rttpg_comment":0,"rttpg_category":null,"rttpg_excerpt":"Categor\u00eda: Innovaci\u00f3n de la gesti\u00f3n mediante las TIC","_links":{"self":[{"href":"https:\/\/anuies-tic.anuies.mx\/web\/wp-json\/wp\/v2\/pages\/9295","targetHints":{"allow":["GET"]}}],"collection":[{"href":"https:\/\/anuies-tic.anuies.mx\/web\/wp-json\/wp\/v2\/pages"}],"about":[{"href":"https:\/\/anuies-tic.anuies.mx\/web\/wp-json\/wp\/v2\/types\/page"}],"author":[{"embeddable":true,"href":"https:\/\/anuies-tic.anuies.mx\/web\/wp-json\/wp\/v2\/users\/1"}],"replies":[{"embeddable":true,"href":"https:\/\/anuies-tic.anuies.mx\/web\/wp-json\/wp\/v2\/comments?post=9295"}],"version-history":[{"count":9,"href":"https:\/\/anuies-tic.anuies.mx\/web\/wp-json\/wp\/v2\/pages\/9295\/revisions"}],"predecessor-version":[{"id":10733,"href":"https:\/\/anuies-tic.anuies.mx\/web\/wp-json\/wp\/v2\/pages\/9295\/revisions\/10733"}],"wp:attachment":[{"href":"https:\/\/anuies-tic.anuies.mx\/web\/wp-json\/wp\/v2\/media?parent=9295"}],"curies":[{"name":"wp","href":"https:\/\/api.w.org\/{rel}","templated":true}]}}