{"id":973,"date":"2018-01-29T14:34:10","date_gmt":"2018-01-29T20:34:10","guid":{"rendered":"http:\/\/anuies-tic.anuies.mx\/web\/?page_id=973"},"modified":"2021-01-15T14:48:34","modified_gmt":"2021-01-15T20:48:34","slug":"ejes-lineas-estrategicos","status":"publish","type":"page","link":"https:\/\/anuies-tic.anuies.mx\/web\/ejes-lineas-estrategicos\/","title":{"rendered":"Ejes estrat\u00e9gicos y l\u00edneas de acci\u00f3n"},"content":{"rendered":"<div id=\"pl-973\"  class=\"panel-layout\" ><div id=\"pg-973-0\"  class=\"panel-grid panel-has-style\" ><div class=\"siteorigin-panels-stretch panel-row-style panel-row-style-for-973-0\" data-stretch-type=\"full-stretched\" ><div id=\"pgc-973-0-0\"  class=\"panel-grid-cell panel-grid-cell-empty\" ><\/div><div id=\"pgc-973-0-1\"  class=\"panel-grid-cell\" ><div id=\"panel-973-0-1-0\" class=\"so-panel widget widget_sow-editor panel-first-child panel-last-child\" data-index=\"0\" ><div class=\"panel-widget-style panel-widget-style-for-973-0-1-0\" ><div\n\t\t\t\n\t\t\tclass=\"so-widget-sow-editor so-widget-sow-editor-base\"\n\t\t\t\n\t\t><h3 class=\"widget-title\">Ejes estrat\u00e9gicos<\/h3>\n<div class=\"siteorigin-widget-tinymce textwidget\">\n\t<p style=\"text-align: justify;\">El Comit\u00e9 ANUIES-TIC ha priorizado como ejes principales 3 tem\u00e1ticas como \u00e1reas de oportunidad.<\/p>\n<\/div>\n<\/div><\/div><\/div><\/div><div id=\"pgc-973-0-2\"  class=\"panel-grid-cell panel-grid-cell-mobile-last\" ><div id=\"panel-973-0-2-0\" class=\"so-panel widget widget_nav_menu panel-first-child panel-last-child\" data-index=\"1\" ><div class=\"panel-widget-style panel-widget-style-for-973-0-2-0\" ><h3 class=\"widget-title\">En esta secci\u00f3n&#8230;.<\/h3><div class=\"menu-comite-container\"><ul id=\"menu-comite\" class=\"menu\"><li id=\"menu-item-530\" class=\"menu-item menu-item-type-post_type menu-item-object-page menu-item-530\"><a href=\"https:\/\/anuies-tic.anuies.mx\/web\/mision-y-vision\/\">Misi\u00f3n, visi\u00f3n y objetivo general<\/a><\/li>\n<li id=\"menu-item-386\" class=\"menu-item menu-item-type-post_type menu-item-object-page menu-item-386\"><a href=\"https:\/\/anuies-tic.anuies.mx\/web\/estructura-organica-2\/\">Organizaci\u00f3n y estructura<\/a><\/li>\n<li id=\"menu-item-986\" class=\"menu-item menu-item-type-post_type menu-item-object-page menu-item-986\"><a href=\"https:\/\/anuies-tic.anuies.mx\/web\/ejes-lineas-estrategicos\/\">Ejes y l\u00edneas estrat\u00e9gicos<\/a><\/li>\n<li id=\"menu-item-387\" class=\"menu-item menu-item-type-post_type menu-item-object-page menu-item-387\"><a href=\"https:\/\/anuies-tic.anuies.mx\/web\/directorio\/\">Directorio<\/a><\/li>\n<\/ul><\/div><\/div><\/div><\/div><div id=\"pgc-973-0-3\"  class=\"panel-grid-cell panel-grid-cell-empty\" ><\/div><\/div><\/div><div id=\"pg-973-1\"  class=\"panel-grid panel-has-style\" ><div class=\"siteorigin-panels-stretch panel-row-style panel-row-style-for-973-1\" data-stretch-type=\"full-stretched\" ><div id=\"pgc-973-1-0\"  class=\"panel-grid-cell panel-grid-cell-empty\" ><\/div><div id=\"pgc-973-1-1\"  class=\"panel-grid-cell\" ><div id=\"panel-973-1-1-0\" class=\"so-panel widget widget_sow-editor panel-first-child panel-last-child\" data-index=\"2\" ><div\n\t\t\t\n\t\t\tclass=\"so-widget-sow-editor so-widget-sow-editor-base\"\n\t\t\t\n\t\t>\n<div class=\"siteorigin-widget-tinymce textwidget\">\n\t<p style=\"text-align: center;\"><span style=\"font-size: 14pt;\"><strong><span style=\"color: #800000;\"><img loading=\"lazy\" decoding=\"async\" class=\"size-full wp-image-6028 aligncenter\" src=\"https:\/\/anuies-tic.anuies.mx\/web\/wp-content\/uploads\/2020\/01\/GESTI\u00d3N2.png\" alt=\"\" width=\"90\" height=\"90\" srcset=\"https:\/\/anuies-tic.anuies.mx\/web\/wp-content\/uploads\/2020\/01\/GESTI\u00d3N2.png 160w, https:\/\/anuies-tic.anuies.mx\/web\/wp-content\/uploads\/2020\/01\/GESTI\u00d3N2-150x150.png 150w\" sizes=\"auto, (max-width: 90px) 100vw, 90px\" \/><span style=\"font-size: 18pt;\">Gesti\u00f3n Interinstitucional y con proveedores y prestadores de servicios de TI<\/span><\/span><\/strong><\/span><\/p>\n<p style=\"text-align: justify;\">El Comit\u00e9 ANUIES-TIC promover\u00e1 la colaboraci\u00f3n entre Instituciones de Educaci\u00f3n Superior (IES), adem\u00e1s de impulsar el mejoramiento de las condiciones con proveedores y fabricantes de soluciones de TI.<\/p>\n<p style=\"text-align: justify;\"><span style=\"color: #800000;\">El grupo de trabajo de Gesti\u00f3n Interinstitucional y con proveedores y prestadores de servicios de TI<\/span> coadyuva al cumplimiento de este eje estrat\u00e9gico.<\/p>\n<\/div>\n<\/div><\/div><\/div><div id=\"pgc-973-1-2\"  class=\"panel-grid-cell\" ><div id=\"panel-973-1-2-0\" class=\"so-panel widget widget_sow-editor panel-first-child panel-last-child\" data-index=\"3\" ><div\n\t\t\t\n\t\t\tclass=\"so-widget-sow-editor so-widget-sow-editor-base\"\n\t\t\t\n\t\t>\n<div class=\"siteorigin-widget-tinymce textwidget\">\n\t<p style=\"text-align: center;\"><span style=\"font-size: 14pt;\"><strong><span style=\"color: #800000;\"><img loading=\"lazy\" decoding=\"async\" class=\"size-full wp-image-6027 aligncenter\" src=\"https:\/\/anuies-tic.anuies.mx\/web\/wp-content\/uploads\/2020\/01\/SEGURIDAD-DE-LA-INFORMACI\u00d3N2.png\" alt=\"\" width=\"90\" height=\"90\" \/><span style=\"font-size: 18pt;\">Seguridad de la Informaci\u00f3n<\/span><\/span><\/strong><\/span><\/p>\n<p style=\"text-align: justify;\">El Comit\u00e9 ANUIES-TIC impulsar\u00e1 los mecanismos para implementar, difundir, concientizar y fortalecer la seguridad de la informaci\u00f3n en el \u00e1mbito de la educaci\u00f3n superior.<\/p>\n<p style=\"text-align: justify;\"><span style=\"color: #800000;\">El grupo de trabajo de Seguridad de la Informaci\u00f3n<\/span> coadyuva al cumplimiento de este eje estrat\u00e9gico.<\/p>\n<\/div>\n<\/div><\/div><\/div><div id=\"pgc-973-1-3\"  class=\"panel-grid-cell\" ><div id=\"panel-973-1-3-0\" class=\"so-panel widget widget_sow-editor panel-first-child panel-last-child\" data-index=\"4\" ><div\n\t\t\t\n\t\t\tclass=\"so-widget-sow-editor so-widget-sow-editor-base\"\n\t\t\t\n\t\t>\n<div class=\"siteorigin-widget-tinymce textwidget\">\n\t<p style=\"text-align: center;\"><span style=\"color: #800000; font-size: 18pt;\"><strong><span style=\"color: #800000;\"><img loading=\"lazy\" decoding=\"async\" class=\"wp-image-6026 aligncenter\" src=\"https:\/\/anuies-tic.anuies.mx\/web\/wp-content\/uploads\/2020\/01\/GOBIERNO-DE-TI2.png\" alt=\"\" width=\"78\" height=\"79\" \/> <span style=\"font-size: 18pt;\">Gobierno de TI<\/span><\/span><\/strong><\/span><\/p>\n<p style=\"text-align: justify;\">El Comit\u00e9 ANUIES-TIC promover\u00e1 y consolidar\u00e1 las iniciativas de gesti\u00f3n de procesos del uso y aprovechamiento de las TIC para alcanzar objetivos estrat\u00e9gicos de las Instituciones de Educaci\u00f3n Superior.<\/p>\n<p style=\"text-align: justify;\"><span style=\"color: #800000;\">El<\/span> <span style=\"color: #800000;\">grupo de trabajo de Gobierno de TI<\/span> coadyuva al cumplimiento de este eje estrat\u00e9gico.<\/p>\n<\/div>\n<\/div><\/div><\/div><div id=\"pgc-973-1-4\"  class=\"panel-grid-cell panel-grid-cell-mobile-last\" ><div id=\"panel-973-1-4-0\" class=\"so-panel widget widget_sow-editor panel-first-child panel-last-child\" data-index=\"5\" ><div\n\t\t\t\n\t\t\tclass=\"so-widget-sow-editor so-widget-sow-editor-base\"\n\t\t\t\n\t\t>\n<div class=\"siteorigin-widget-tinymce textwidget\">\n\t<p style=\"text-align: center;\"><span style=\"color: #800000; font-size: 18pt;\"><strong><span style=\"color: #800000;\"><span style=\"font-size: 18pt;\"><img loading=\"lazy\" decoding=\"async\" class=\"aligncenter wp-image-7215\" src=\"https:\/\/anuies-tic.anuies.mx\/web\/wp-content\/uploads\/2021\/01\/tec_educ-e1610743663980.png\" alt=\"\" width=\"81\" height=\"83\" \/>Tecnolog\u00eda Educativa<\/span><\/span><\/strong><\/span><\/p>\n<p style=\"text-align: justify;\">\n<\/div>\n<\/div><\/div><\/div><div id=\"pgc-973-1-5\"  class=\"panel-grid-cell panel-grid-cell-empty\" ><\/div><\/div><\/div><div id=\"pg-973-2\"  class=\"panel-grid panel-has-style\" ><div class=\"siteorigin-panels-stretch panel-row-style panel-row-style-for-973-2\" data-stretch-type=\"full-stretched\" ><div id=\"pgc-973-2-0\"  class=\"panel-grid-cell panel-grid-cell-empty\" ><\/div><div id=\"pgc-973-2-1\"  class=\"panel-grid-cell\" ><div id=\"panel-973-2-1-0\" class=\"so-panel widget widget_sow-editor panel-first-child\" data-index=\"6\" ><div class=\"panel-widget-style panel-widget-style-for-973-2-1-0\" ><div\n\t\t\t\n\t\t\tclass=\"so-widget-sow-editor so-widget-sow-editor-base\"\n\t\t\t\n\t\t><h3 class=\"widget-title\">L\u00edneas de acci\u00f3n<\/h3>\n<div class=\"siteorigin-widget-tinymce textwidget\">\n\t<p style=\"text-align: justify; padding-left: 40px;\"><span style=\"font-size: 14pt;\"><strong><span style=\"color: #800000;\"><span style=\"font-size: 18pt;\"><img loading=\"lazy\" decoding=\"async\" class=\"size-full wp-image-6170 alignnone\" src=\"https:\/\/anuies-tic.anuies.mx\/web\/wp-content\/uploads\/2020\/01\/VI\u00d1ETA2.png\" alt=\"\" width=\"30\" height=\"30\" \/> I. Promoci\u00f3n del trabajo colaborativo entre las IES asociadas a la ANUIES.<\/span><\/span><\/strong><\/span><\/p>\n<p style=\"text-align: justify; padding-left: 40px;\">El Comit\u00e9 ANUIES-TIC promover\u00e1 el establecimiento de lineamientos de operaci\u00f3n, planes y programas, que favorezcan el trabajo colaborativo entre los responsables de las TIC en las IES.<\/p>\n<p style=\"text-align: justify; padding-left: 40px;\"><span style=\"font-size: 14pt;\"><strong><span style=\"color: #800000;\"><span style=\"font-size: 18pt;\"><img loading=\"lazy\" decoding=\"async\" class=\"size-full wp-image-6170 alignnone\" src=\"https:\/\/anuies-tic.anuies.mx\/web\/wp-content\/uploads\/2020\/01\/VI\u00d1ETA2.png\" alt=\"\" width=\"30\" height=\"30\" \/> II. Difusi\u00f3n y concientizaci\u00f3n de los responsables de las TIC en las tem\u00e1ticas de la cultura de gobierno y seguridad de TI en las IES asociadas a la ANUIES.<\/span><\/span><\/strong><\/span><\/p>\n<p style=\"text-align: justify; padding-left: 40px;\">El Comit\u00e9 ANUIES-TIC fomentar\u00e1 la cultura de concientizaci\u00f3n en los temas de seguridad, gesti\u00f3n y gobierno de TIC, con tendencias a la promoci\u00f3n de un modelo de TIC mediante el desarrollo de an\u00e1lisis y estudios en las IES asociadas a la ANUIES.<\/p>\n<p style=\"text-align: justify; padding-left: 40px;\"><strong><span style=\"color: #800000; font-size: 14pt;\"><span style=\"font-size: 18pt;\"><img loading=\"lazy\" decoding=\"async\" class=\"size-full wp-image-6170 alignnone\" src=\"https:\/\/anuies-tic.anuies.mx\/web\/wp-content\/uploads\/2020\/01\/VI\u00d1ETA2.png\" alt=\"\" width=\"30\" height=\"30\" \/> III. Promoci\u00f3n de la formaci\u00f3n, capacitaci\u00f3n y actualizaci\u00f3n en las TIC del capital humano de las IES asociadas.<\/span><\/span><\/strong><\/p>\n<p style=\"text-align: justify; padding-left: 40px;\">El Comit\u00e9 ANUIES-TIC promover\u00e1 el desarrollo de capacidades para contar con capital humano especializado en la gesti\u00f3n y operaci\u00f3n de las TIC, mediante programas de capacitaci\u00f3n orientados a los responsables de las TI de las IES asociadas a la ANUIES.<\/p>\n<p style=\"text-align: justify; padding-left: 40px;\"><span style=\"font-size: 14pt;\"><strong><span style=\"color: #800000;\"><span style=\"font-size: 18pt;\"><img loading=\"lazy\" decoding=\"async\" class=\"size-full wp-image-6170 alignnone\" src=\"https:\/\/anuies-tic.anuies.mx\/web\/wp-content\/uploads\/2020\/01\/VI\u00d1ETA2.png\" alt=\"\" width=\"30\" height=\"30\" \/> IV. Promoci\u00f3n de acuerdos colaborativos globales en relaci\u00f3n a proyectos, iniciativas, productos y servicios de TIC.<\/span><\/span><\/strong><\/span><\/p>\n<p style=\"text-align: justify; padding-left: 40px;\">El Comit\u00e9 ANUIES-TIC impulsar\u00e1 la colaboraci\u00f3n con instancias afines mediante el establecimiento de acuerdos de colaboraci\u00f3n conjunta. As\u00ed mismo, procurar\u00e1 establecer acuerdos marco con empresas proveedoras de TIC mediante negociaciones, evaluaciones y an\u00e1lisis de soluciones tecnol\u00f3gicas para las IES asociadas a la ANUIES.<\/p>\n<\/div>\n<\/div><\/div><\/div><div id=\"panel-973-2-1-1\" class=\"so-panel widget widget_sow-editor\" data-index=\"7\" ><div class=\"panel-widget-style panel-widget-style-for-973-2-1-1\" ><div\n\t\t\t\n\t\t\tclass=\"so-widget-sow-editor so-widget-sow-editor-base\"\n\t\t\t\n\t\t>\n<div class=\"siteorigin-widget-tinymce textwidget\">\n\t<p><img loading=\"lazy\" decoding=\"async\" class=\"aligncenter size-full wp-image-5843\" src=\"https:\/\/anuies-tic.anuies.mx\/web\/wp-content\/uploads\/2020\/01\/comit\u00e9.jpg\" alt=\"\" width=\"910\" height=\"293\" srcset=\"https:\/\/anuies-tic.anuies.mx\/web\/wp-content\/uploads\/2020\/01\/comit\u00e9.jpg 910w, https:\/\/anuies-tic.anuies.mx\/web\/wp-content\/uploads\/2020\/01\/comit\u00e9-300x97.jpg 300w, https:\/\/anuies-tic.anuies.mx\/web\/wp-content\/uploads\/2020\/01\/comit\u00e9-768x247.jpg 768w, https:\/\/anuies-tic.anuies.mx\/web\/wp-content\/uploads\/2020\/01\/comit\u00e9-830x267.jpg 830w, https:\/\/anuies-tic.anuies.mx\/web\/wp-content\/uploads\/2020\/01\/comit\u00e9-230x74.jpg 230w, https:\/\/anuies-tic.anuies.mx\/web\/wp-content\/uploads\/2020\/01\/comit\u00e9-350x113.jpg 350w, https:\/\/anuies-tic.anuies.mx\/web\/wp-content\/uploads\/2020\/01\/comit\u00e9-480x155.jpg 480w\" sizes=\"auto, (max-width: 910px) 100vw, 910px\" \/><\/p>\n<\/div>\n<\/div><\/div><\/div><div id=\"panel-973-2-1-2\" class=\"so-panel widget widget_sow-editor panel-last-child\" data-index=\"8\" ><div class=\"panel-widget-style panel-widget-style-for-973-2-1-2\" ><div\n\t\t\t\n\t\t\tclass=\"so-widget-sow-editor so-widget-sow-editor-base\"\n\t\t\t\n\t\t>\n<div class=\"siteorigin-widget-tinymce textwidget\">\n\t<p><img loading=\"lazy\" decoding=\"async\" class=\"aligncenter size-full wp-image-5459\" src=\"http:\/\/anuies-tic.anuies.mx\/web\/wp-content\/uploads\/2019\/05\/lineas_de_accion-05_v2-compressor.jpg\" alt=\"\" width=\"1200\" height=\"464\" srcset=\"https:\/\/anuies-tic.anuies.mx\/web\/wp-content\/uploads\/2019\/05\/lineas_de_accion-05_v2-compressor.jpg 1200w, https:\/\/anuies-tic.anuies.mx\/web\/wp-content\/uploads\/2019\/05\/lineas_de_accion-05_v2-compressor-300x116.jpg 300w, https:\/\/anuies-tic.anuies.mx\/web\/wp-content\/uploads\/2019\/05\/lineas_de_accion-05_v2-compressor-768x297.jpg 768w, https:\/\/anuies-tic.anuies.mx\/web\/wp-content\/uploads\/2019\/05\/lineas_de_accion-05_v2-compressor-1024x396.jpg 1024w, https:\/\/anuies-tic.anuies.mx\/web\/wp-content\/uploads\/2019\/05\/lineas_de_accion-05_v2-compressor-830x321.jpg 830w, https:\/\/anuies-tic.anuies.mx\/web\/wp-content\/uploads\/2019\/05\/lineas_de_accion-05_v2-compressor-230x89.jpg 230w, https:\/\/anuies-tic.anuies.mx\/web\/wp-content\/uploads\/2019\/05\/lineas_de_accion-05_v2-compressor-350x135.jpg 350w, https:\/\/anuies-tic.anuies.mx\/web\/wp-content\/uploads\/2019\/05\/lineas_de_accion-05_v2-compressor-480x186.jpg 480w\" sizes=\"auto, (max-width: 1200px) 100vw, 1200px\" \/><\/p>\n<hr \/>\n<p><img loading=\"lazy\" decoding=\"async\" class=\"aligncenter size-full wp-image-5458\" src=\"http:\/\/anuies-tic.anuies.mx\/web\/wp-content\/uploads\/2019\/05\/lineas_de_accion-04_v2-compressor.jpg\" alt=\"\" width=\"1200\" height=\"745\" srcset=\"https:\/\/anuies-tic.anuies.mx\/web\/wp-content\/uploads\/2019\/05\/lineas_de_accion-04_v2-compressor.jpg 1200w, https:\/\/anuies-tic.anuies.mx\/web\/wp-content\/uploads\/2019\/05\/lineas_de_accion-04_v2-compressor-300x186.jpg 300w, https:\/\/anuies-tic.anuies.mx\/web\/wp-content\/uploads\/2019\/05\/lineas_de_accion-04_v2-compressor-768x477.jpg 768w, https:\/\/anuies-tic.anuies.mx\/web\/wp-content\/uploads\/2019\/05\/lineas_de_accion-04_v2-compressor-1024x636.jpg 1024w, https:\/\/anuies-tic.anuies.mx\/web\/wp-content\/uploads\/2019\/05\/lineas_de_accion-04_v2-compressor-830x515.jpg 830w, https:\/\/anuies-tic.anuies.mx\/web\/wp-content\/uploads\/2019\/05\/lineas_de_accion-04_v2-compressor-230x143.jpg 230w, https:\/\/anuies-tic.anuies.mx\/web\/wp-content\/uploads\/2019\/05\/lineas_de_accion-04_v2-compressor-350x217.jpg 350w, https:\/\/anuies-tic.anuies.mx\/web\/wp-content\/uploads\/2019\/05\/lineas_de_accion-04_v2-compressor-480x298.jpg 480w\" sizes=\"auto, (max-width: 1200px) 100vw, 1200px\" \/><\/p>\n<hr \/>\n<p><img loading=\"lazy\" decoding=\"async\" class=\"aligncenter size-full wp-image-5457\" src=\"http:\/\/anuies-tic.anuies.mx\/web\/wp-content\/uploads\/2019\/05\/lineas_de_accion-03_v2-compressor.jpg\" alt=\"\" width=\"1200\" height=\"704\" srcset=\"https:\/\/anuies-tic.anuies.mx\/web\/wp-content\/uploads\/2019\/05\/lineas_de_accion-03_v2-compressor.jpg 1200w, https:\/\/anuies-tic.anuies.mx\/web\/wp-content\/uploads\/2019\/05\/lineas_de_accion-03_v2-compressor-300x176.jpg 300w, https:\/\/anuies-tic.anuies.mx\/web\/wp-content\/uploads\/2019\/05\/lineas_de_accion-03_v2-compressor-768x451.jpg 768w, https:\/\/anuies-tic.anuies.mx\/web\/wp-content\/uploads\/2019\/05\/lineas_de_accion-03_v2-compressor-1024x601.jpg 1024w, https:\/\/anuies-tic.anuies.mx\/web\/wp-content\/uploads\/2019\/05\/lineas_de_accion-03_v2-compressor-830x487.jpg 830w, https:\/\/anuies-tic.anuies.mx\/web\/wp-content\/uploads\/2019\/05\/lineas_de_accion-03_v2-compressor-230x135.jpg 230w, https:\/\/anuies-tic.anuies.mx\/web\/wp-content\/uploads\/2019\/05\/lineas_de_accion-03_v2-compressor-350x205.jpg 350w, https:\/\/anuies-tic.anuies.mx\/web\/wp-content\/uploads\/2019\/05\/lineas_de_accion-03_v2-compressor-480x282.jpg 480w\" sizes=\"auto, (max-width: 1200px) 100vw, 1200px\" \/><img loading=\"lazy\" decoding=\"async\" class=\"aligncenter size-full wp-image-5456\" src=\"http:\/\/anuies-tic.anuies.mx\/web\/wp-content\/uploads\/2019\/05\/lineas_de_accion-02_v2-compressor.jpg\" alt=\"\" width=\"1200\" height=\"704\" srcset=\"https:\/\/anuies-tic.anuies.mx\/web\/wp-content\/uploads\/2019\/05\/lineas_de_accion-02_v2-compressor.jpg 1200w, https:\/\/anuies-tic.anuies.mx\/web\/wp-content\/uploads\/2019\/05\/lineas_de_accion-02_v2-compressor-300x176.jpg 300w, https:\/\/anuies-tic.anuies.mx\/web\/wp-content\/uploads\/2019\/05\/lineas_de_accion-02_v2-compressor-768x451.jpg 768w, https:\/\/anuies-tic.anuies.mx\/web\/wp-content\/uploads\/2019\/05\/lineas_de_accion-02_v2-compressor-1024x601.jpg 1024w, https:\/\/anuies-tic.anuies.mx\/web\/wp-content\/uploads\/2019\/05\/lineas_de_accion-02_v2-compressor-830x487.jpg 830w, https:\/\/anuies-tic.anuies.mx\/web\/wp-content\/uploads\/2019\/05\/lineas_de_accion-02_v2-compressor-230x135.jpg 230w, https:\/\/anuies-tic.anuies.mx\/web\/wp-content\/uploads\/2019\/05\/lineas_de_accion-02_v2-compressor-350x205.jpg 350w, https:\/\/anuies-tic.anuies.mx\/web\/wp-content\/uploads\/2019\/05\/lineas_de_accion-02_v2-compressor-480x282.jpg 480w\" sizes=\"auto, (max-width: 1200px) 100vw, 1200px\" \/><\/p>\n<p>&nbsp;<\/p>\n<\/div>\n<\/div><\/div><\/div><\/div><div id=\"pgc-973-2-2\"  class=\"panel-grid-cell panel-grid-cell-empty panel-grid-cell-mobile-last\" ><\/div><div id=\"pgc-973-2-3\"  class=\"panel-grid-cell panel-grid-cell-empty\" ><\/div><\/div><\/div><\/div>","protected":false},"excerpt":{"rendered":"<p>El Comit\u00e9 ANUIES-TIC ha priorizado como ejes principales 3 tem\u00e1ticas como \u00e1reas de oportunidad. Gesti\u00f3n Interinstitucional y con proveedores y prestadores de servicios de TI El Comit\u00e9 ANUIES-TIC promover\u00e1 la colaboraci\u00f3n entre Instituciones de Educaci\u00f3n Superior (IES), adem\u00e1s de impulsar el mejoramiento de las condiciones con proveedores y fabricantes de soluciones de TI. El grupo [&hellip;]<\/p>\n","protected":false},"author":1,"featured_media":0,"parent":0,"menu_order":0,"comment_status":"closed","ping_status":"closed","template":"","meta":{"_mc_calendar":[],"footnotes":""},"class_list":["post-973","page","type-page","status-publish","hentry","post"],"rttpg_featured_image_url":null,"rttpg_author":{"display_name":"ctrlweb","author_link":"https:\/\/anuies-tic.anuies.mx\/web\/author\/ctrldcsctrlweb\/"},"rttpg_comment":0,"rttpg_category":null,"rttpg_excerpt":"El Comit\u00e9 ANUIES-TIC ha priorizado como ejes principales 3 tem\u00e1ticas como \u00e1reas de oportunidad. Gesti\u00f3n Interinstitucional y con proveedores y prestadores de servicios de TI El Comit\u00e9 ANUIES-TIC promover\u00e1 la colaboraci\u00f3n entre Instituciones de Educaci\u00f3n Superior (IES), adem\u00e1s de impulsar el mejoramiento de las condiciones con proveedores y fabricantes de soluciones de TI. El grupo&hellip;","_links":{"self":[{"href":"https:\/\/anuies-tic.anuies.mx\/web\/wp-json\/wp\/v2\/pages\/973","targetHints":{"allow":["GET"]}}],"collection":[{"href":"https:\/\/anuies-tic.anuies.mx\/web\/wp-json\/wp\/v2\/pages"}],"about":[{"href":"https:\/\/anuies-tic.anuies.mx\/web\/wp-json\/wp\/v2\/types\/page"}],"author":[{"embeddable":true,"href":"https:\/\/anuies-tic.anuies.mx\/web\/wp-json\/wp\/v2\/users\/1"}],"replies":[{"embeddable":true,"href":"https:\/\/anuies-tic.anuies.mx\/web\/wp-json\/wp\/v2\/comments?post=973"}],"version-history":[{"count":582,"href":"https:\/\/anuies-tic.anuies.mx\/web\/wp-json\/wp\/v2\/pages\/973\/revisions"}],"predecessor-version":[{"id":7222,"href":"https:\/\/anuies-tic.anuies.mx\/web\/wp-json\/wp\/v2\/pages\/973\/revisions\/7222"}],"wp:attachment":[{"href":"https:\/\/anuies-tic.anuies.mx\/web\/wp-json\/wp\/v2\/media?parent=973"}],"curies":[{"name":"wp","href":"https:\/\/api.w.org\/{rel}","templated":true}]}}